{"id":67469,"date":"2021-05-17T12:07:18","date_gmt":"2021-05-17T12:07:18","guid":{"rendered":"https:\/\/www.eft.ba\/web\/?page_id=67469"},"modified":"2021-05-17T12:07:18","modified_gmt":"2021-05-17T12:07:18","slug":"strucna-praksa-sportski-trener","status":"publish","type":"page","link":"https:\/\/www.eft.ba\/web\/strucna-praksa-sportski-trener\/","title":{"rendered":"Stru\u010dna praksa &#8211; Sportski trener"},"content":{"rendered":"<p>Prakti\u010dna nastava na studijskom smjeru Sportski trener odvija se kontinuirano tokom petog i \u0161estog semestra studija.<\/p>\n<p>Studenti praksu obavljaju u:<\/p>\n<ul>\n<li>sportskim klubovima<\/li>\n<li>sportskim savezima<\/li>\n<li>organizacijama, institucijama \u010dija je sport primarna ili sekundarna djelatnost<\/li>\n<li>sportsko-rekreacionim centrima sa kojima fakultet ima potpisane ugovore o saradnji.<\/li>\n<\/ul>\n<p>Nastava se odvija pod vodstvom mentora uz nadzor predmetnih profesora i asistenata.<\/p>\n","protected":false},"excerpt":{"rendered":"<p>Prakti\u010dna nastava na studijskom smjeru Sportski trener odvija se kontinuirano tokom petog i \u0161estog semestra studija. Studenti praksu obavljaju u: sportskim klubovima sportskim savezima organizacijama, institucijama \u010dija je sport primarna ili sekundarna djelatnost sportsko-rekreacionim centrima sa kojima fakultet ima potpisane ugovore o saradnji. Nastava se odvija pod vodstvom mentora uz nadzor predmetnih profesora i asistenata.<\/p>\n","protected":false},"author":136,"featured_media":0,"parent":0,"menu_order":0,"comment_status":"closed","ping_status":"closed","template":"","meta":{"ngg_post_thumbnail":0},"_links":{"self":[{"href":"https:\/\/www.eft.ba\/web\/wp-json\/wp\/v2\/pages\/67469"}],"collection":[{"href":"https:\/\/www.eft.ba\/web\/wp-json\/wp\/v2\/pages"}],"about":[{"href":"https:\/\/www.eft.ba\/web\/wp-json\/wp\/v2\/types\/page"}],"author":[{"embeddable":true,"href":"https:\/\/www.eft.ba\/web\/wp-json\/wp\/v2\/users\/136"}],"replies":[{"embeddable":true,"href":"https:\/\/www.eft.ba\/web\/wp-json\/wp\/v2\/comments?post=67469"}],"version-history":[{"count":1,"href":"https:\/\/www.eft.ba\/web\/wp-json\/wp\/v2\/pages\/67469\/revisions"}],"predecessor-version":[{"id":67470,"href":"https:\/\/www.eft.ba\/web\/wp-json\/wp\/v2\/pages\/67469\/revisions\/67470"}],"wp:attachment":[{"href":"https:\/\/www.eft.ba\/web\/wp-json\/wp\/v2\/media?parent=67469"}],"curies":[{"name":"wp","href":"https:\/\/api.w.org\/{rel}","templated":true}]}}