{"id":65952,"date":"2020-06-09T08:12:01","date_gmt":"2020-06-09T08:12:01","guid":{"rendered":"https:\/\/www.eft.ba\/web\/?page_id=65952"},"modified":"2020-06-09T12:37:38","modified_gmt":"2020-06-09T12:37:38","slug":"iskustva-nasih-studenata","status":"publish","type":"page","link":"https:\/\/www.eft.ba\/web\/iskustva-nasih-studenata\/","title":{"rendered":"ISKUSTVA NA\u0160IH STUDENATA"},"content":{"rendered":"<div class=\"avada-video-embed\">\n<div class=\"fluid-width-video-wrapper\"><iframe width=\"1100\" height=\"619\" src=\"https:\/\/www.youtube.com\/embed\/videoseries?list=PLaLB5BKi8Qf2G4yDgBr25zB2x5vW4G0ux\" frameborder=\"0\" allow=\"accelerometer; autoplay; encrypted-media; gyroscope; picture-in-picture\" allowfullscreen><\/iframe><\/div>\n<\/div>\n<p>Edukacijski fakultet Travnik svoje studente uvodi u svijet nauke i omogu\u0107ava im da steknu sve one potrebne vje\u0161tine u zavisnosti od struke za koju se opredijele. Kao svoj \u017eivotni poziv odabrala sam pred\u0161kolski odgoj. Ono \u0161to su mi pru\u017eili na Edukacijskom fakultetu jeste profesionalno educiranje za samostalno, stru\u010dno i odgovorno obavljanje poslova i zadataka njege, brige za zdravlje te odgoja i obrazovanja djece rane i pred\u0161kolske dobi u razli\u010ditim programima. Aktivno uklju\u010divanje u istra\u017eiva\u010dki rad i projekte na fakultetu, kao i u rad studentskog \u010dasopisa Grafx pomoglo mi je u stjecanju dobrih komunikacijskih vje\u0161tina, sposobnosti usmenog i pismenog izra\u017eavanja i timskog rada. Kvalitetna saradnja s nizom ustanova u kojima studenti dobijaju prakti\u010dna znanja i sposobnosti doprinosi oboga\u0107ivanju kompetencija. Ne mogu da ne spomenem da na Edukacijskom fakultetu svojim studentima svakodnevno nude motive za uspjeh, \u0161to zaista pro\u0161iruje vidike i podsti\u010de dalje usavr\u0161avanje.<\/p>\n<p><strong><em>Aida Pali\u0107, Pred\u0161kolski odgoj <\/em><\/strong><\/p>\n<p>&nbsp;<\/p>\n<p>Edukacijski fakultet u Travniku nam pru\u017ea mogu\u0107nost stjecanja aplikativnog i kvalitetnog znanja uz stru\u010dan, korektan i pristupa\u010dan profesorski kadar. Plan i program predavanja je koncipiran tako da pored teorijskog znanja obuhvata i prakti\u010dnu nastavu koja je vrlo bitna. Profesori i asistenti su susretljivi, uvijek dostupni studentima, nesebi\u010dno prenose svoja znanja na studente i odr\u017eavaju zdravu i ugodnu atmosferu na predavanjima. Pored mnogih mogu\u0107nosti koje ovaj fakultet nudi, najvi\u0161e se izdvaja \u0161irok dijapazon smjerova gdje svako mo\u017ee odabrati podru\u010dje koje \u0107e zadovoljiti njegove \u017eelje i sklonosti. Jedan od pokazatelja kvaliteta ovog fakulteta jesu i mnogobrojne vannastavne aktivnosti i projekti u kojima studenti sa zadovoljstvom sudjeluju. I brojne aktivnosti i dru\u017eenja koja nisu u sklopu nastave, uspje\u0161nom saradnjom profesora i studenata obrazuju studente na svojevrstan na\u010din i pru\u017eaju im mogu\u0107nost u\u010destvovanja u izuzetno zanimljivim projektima. Smatram da je Edukacijski fakultet pravi izbor mjesta stjecanja potrebnih znanja za budu\u0107e profesionalno usmjerenje jer nudi mnogo vi\u0161e od samog usvajanja informacija i diplome, pru\u017ea nam priliku da postanemo stru\u010dnjaci u svojim poljima, te nas osposobljava za kvalitetan rad u oblastima koje smo izabrali.<\/p>\n<p><strong><em>Admina Kre\u0161evljak,&nbsp; Pedagogija i psihologija <\/em><\/strong><\/p>\n<p>Novinarstvo je, prije svega, dinami\u010dno zanimanje puno izazova. Na Edukacijskom fakultetu pored predavanja imate priliku \u0161iriti znanje i teoriju pretvoriti u izuzetno zanimljivu praksu kroz razne aktivnosti. Kolektiv koji se uvijek trudi da odgovori na na\u0161e upite i nejasno\u0107e, uvijek je ljubazan i raspolo\u017een za kompromise. Edukacijski fakultet nam daje mogu\u0107nost da postanemo dio istog u\u010de\u0161\u0107em u aktivnostima i da svojim radom i trudom ispoljimo najkvalitetnije osobine. U\u010de\u0161\u0107e u radu \u010dasopisa ili, pak, iskustvo \u010dlana PR tima, kao i druge mnogobrojne aktivnosti koje fakultet nesebi\u010dno nudi \u010dine nas bogatijim za nova iskustva.<\/p>\n<p><strong><em>Ajla Ivkovi\u0107, Novinarstvo<\/em><\/strong><\/p>\n<p>&nbsp;<\/p>\n<p>Odluku da upi\u0161em Edukacijski fakultet u Travniku sam donijela zbog \u010dinjenice da se fakultet nalazi u mome rodnom gradu i da postoji studij koji \u017eelim poha\u0111ati. Studij Pedagogije i psihologije sam izabrala jer volim pomagati ljudima, ali i zbog brata koji je osoba sa pote\u0161ko\u0107ama u razvoju i uz kojeg sam puno toga nau\u010dila i zbog kojeg sam zavoljela pedagogiju i psihologiju. Nakon upisa na Edukacijski fakultet uvidjela sam koliko su profesori i asistenti otvoreni prema studentima i koliko su im voljni pomo\u0107i. Poseban razlog zbog kojeg volim ovaj fakultet je \u010dinjenica \u0161to studenti mogu organizirati predavanja, prezentacije ili radionice vezane za teme koje ih zanimaju i iza\u0107i pred ve\u0107i broj ljudi, a menad\u017ement fakulteta \u0107e im pru\u017eiti ogromnu podr\u0161ku.<\/p>\n<p><strong><em>Ivana Zec, Pedagogija i psihologija<\/em><\/strong><\/p>\n<p>&nbsp;<\/p>\n<p>Od prvog dana provedenog na Edukacijskom fakultetu znala sam da sam napravila pravi korak u izboru svog daljnjeg obrazovanja. Uvijedjela sam priliku za li\u010dni razvoj i ve\u0107 tre\u0107u godinu zaredom svjedo\u010dim da je to okru\u017eenje u kojem mogu mnogo napredovati. Kao student III godine mogu re\u0107i da na\u0161 fakultet pru\u017ea kvalitetno znanje. Tokom obrazovanja na smjeru Pedagogija i psihologija, te kroz u\u010destvovanje u mnogobrojnim aktivnostima fakulteta, stekla sam odli\u010dne komunikacijske vje\u0161tine, sposobnosti usmenog i izra\u017eavanja u pisanoj formi, sposobnost kriti\u010dkog mi\u0161ljenja i sagledavanja \u017eivotnih situacija iz vi\u0161e uglova, vje\u0161tine organizacije te razvoj sposobnosti timskog rada. Znanja i iskustva koja nosim sa sobom sa Edukacijskog fakulteta osposobila su me za kvalitetan rad u svojoj struci u svim sferama dru\u0161tva 21. stolje\u0107a.<\/p>\n<p><strong><em>Erika Had\u017eimahmutovi\u0107, Pedagogija i psihologija<\/em><\/strong><\/p>\n<p>Edukacijski fakultet nam pru\u017ea mogu\u0107nost stjecanja znanja, stvaranje kriti\u010dkog mi\u0161ljenja i timskog duha. Pored kvalitetnog znanja, pru\u017ea nam mogu\u0107nost da se zajedno kao grupa ostvarimo na razli\u010ditim poljima. Kao student pedagogije i psihologije imam mogu\u0107nost da se ostvarim i u pripremi i pisanju tekstova kroz studentski \u010dasopis Grafx, kao i u Asocijaciji studenata i jo\u0161 mnogo \u010demu, \u010dime bogatim svoje iskustvo i usavr\u0161avam se kao li\u010dnost. Me\u0111utim, va\u017eno je napomenuti i samu stru\u010dnost profesora i asistenata koji nastoje na najbolji mogu\u0107i na\u010din prenijeti svoje znanje nama studentima. Nastavno osoblje i ostale slu\u017ebe fakulteta studentima su na raspolaganju i pru\u017eaju nesebi\u010dnu pomo\u0107 kako bi njihov put stjecanja znanja imao \u0161to manje prepreka. Obavljaju\u0107i mnogobrojne aktivnosti studenti imaju mogu\u0107nost stjecanja stipendije, \u0161to im dodatno olak\u0161ava obrazovanje.<\/p>\n<p><strong><em>Esma Hod\u017ei\u0107<\/em><\/strong>, <strong><em>Pedagogija i psihologija<\/em><\/strong><\/p>\n<p>&nbsp;<\/p>\n<p>Edukacijski fakultet u Travniku je institucija u sklopu koje nam se pru\u017ea mogu\u0107nost za stjecanje znanja, \u010dije prikupljanje te\u010de na jednom sasvim novom i nama do sada nepoznatom nivou, osposobljavaju\u0107i nas za sve izazove koji \u0107e se pred nas staviti na polju posla, ali i \u017eivota. Nastavno osoblje koje je osposobljeno da odgovori svim zahtjevima koji se stavljaju pred obrazovanje u 21. stolje\u0107u dostupno je za nas tokom predavanja i vje\u017ebi, ali i u okviru vannastavnih aktivnosti, a sve u svrhu oboga\u0107ivanja na\u0161eg znanja. Pedago\u0161ki pristup ove institucije se mo\u017ee vidjeti kroz sve postupke koji su usmjereni prema studentima. Na ovom fakultetu nam se pru\u017ea mogu\u0107nost i samousavr\u0161avanja pored studiranja, kroz razli\u010dite vannastavne aktivnosti kojima rado pristupamo. Smatram da je moja odluka da svoje putovanje do zvanja akademskog gra\u0111anina zapo\u010dnem, upravo na ovom fakultetu, prava, jer se svi raspolo\u017eivi resursi ovog fakulteta stavljaju na kori\u0161tenje studentima.<\/p>\n<p><strong><em>Ilhana Dervi\u0107, Pedagogija i psihologija<\/em><\/strong><\/p>\n<p>&nbsp;<\/p>\n<p>Vrijeme mog studiranja na Edukacijskom fakultetu u Travniku ispunjeno je pozitivnim iskustvima, lijepim trenucima i sa mnogo znanja iz struke koju sam odabrala kao poziv kojim bih se voljela baviti. Ovaj fakultet studentima pru\u017ea veliki izbor studijskih smjerova, vannastavnih aktivnosti i iskustava u profesiji koju odaberete. Za prvu godinu studija dostupna je i stipendija za sve u\u010denike koji su postigli odli\u010dne rezultate u srednjoj \u0161koli, koje sam i sama korisnik. Edukacijski fakultet je mjesto na kojem \u0107ete ste\u0107i mnogo znanja, mnoga prijateljstva i mnogo iskustva u va\u0161oj struci, kao i mnoge druge vje\u0161tine kroz brojne aktivnosti kao \u0161to su tribine, radionice i sli\u010dno. Ako \u017eelite toplo okru\u017eenje, visoku profesionalnost, veliku pristupa\u010dnost profesora i osoblja fakulteta, Edukacijski fakultet Univerziteta u Travniku je pravo mjesto za vas.<\/p>\n<p><em>N<strong>aida Poljarevi\u0107, Pedagogija i psihologija<\/strong><\/em><\/p>\n<p>&nbsp;<\/p>\n<p>Edukacijski fakultet u Travniku je institucija koja pru\u017ea mogu\u0107nost stjecanja znanja, razvijanja sposobnosti, kriti\u010dkog pogleda na svijet, ali prije svega, pru\u017ea jednu jako zdravu i lijepu atmosferu i okru\u017eenje, u kojem bi svako po\u017eelio da se obrazuje i ostvari jedan od najljep\u0161ih ciljeva u \u017eivotu a to je da ima mogu\u0107nost da radi ono \u0161to voli. Ono \u0161to krasi ovu ustanovu jeste njegovo osoblje koje je uvijek tu za vas, koje je uvijek spremno pomo\u0107i i iza\u0107i u susret studentu u svakom smislu, osoblje koje vam je prije svega prijatelj pa tek onda profesor. Rad, trud, zalaganje je ne\u0161to \u0161to se posebno cijeni i studentima koji se poka\u017eu u pravom smislu tih rije\u010di stipendija je ne\u0161to \u0161to se mo\u017ee o\u010dekivati. Tako\u0111er \u017eelim naglasiti da se studiranje ne svodi samo na puku teoriju ve\u0107 da su nam pru\u017eene mnoge prakti\u010dne aktivnosti koje su vezane sa prakti\u010dnim radom smjera koji odaberemo ali nu\u017eno i nisu jer se svakom studentu pru\u017ea mogu\u0107nost da se oku\u0161a u mnogo drugih vannastavnih aktivnosti. Zbog toga je Edukacijski fakultet pravi izbor za svakoga ko \u017eeli kvaliteno znanje i bogato \u017eivotno iskustvo.<\/p>\n<p><strong><em>\u0160ejla Muslimovi\u0107<\/em><\/strong><em>, <strong>Pedagogija i psihologija<\/strong><\/em><\/p>\n<p>&nbsp;<\/p>\n<p>Edukacijski fakultet Univerziteta u Travniku svojim studentima nudi svakojake prilike da doprinesu svojoj li\u010dnoj naobrazbi. Odlikuju ga stru\u010dni i pristupa\u010dni kadar, a nastavni proces odvija se u moderno dizajniranom i ure\u0111enom ambijentu prilago\u0111enom savremenim trendovima studiranja. Studiranje na ovom fakultetu osiguralo mi je onu vrstu u\u010denja koja u krajnjoj liniji dovodi do postizanja odre\u0111enih standarda koja me na tr\u017ei\u0161tu rada dovode u konkurentnu poziciju. Kroz u\u010de\u0161\u0107e u mnogobrojnim projektima i aktivnostima fakulteta, \u0161irim svoje vidike, stje\u010dem vje\u0161tine i kompetencije, a moj san da postanem u\u010diteljica postaje stvarnost.<\/p>\n<p><strong><em>Almedina \u010curi\u0107, Razredna nastva<\/em><\/strong><\/p>\n<p>&nbsp;<\/p>\n<p>Edukacijski fakultet Travnik izuzetna je obrazovna institucija koja studentima nudi stjecanje novih znanja i kompetencija uz kombiniranje prakti\u010dnih vje\u0161tina sto je, na\u017ealost, u na\u0161oj zemlji rijetkost. Tako\u0111er, ono \u0161to izdvaja Edukacijski fakultet u odnosu na druge univerzitete, a i sam mogu napraviti paralelu s obzirom na vlastita iskustva, su moduli u skladu sa 21. stolje\u0107em. Vrijeme, \u017eivot i sve oko nas napreduje te se nova znanja trebaju usvajati i primijeniti, a ne ostati na nivou papirusa. Naravno, sve ono \u0161to je bilo dio na\u0161e historije treba iskoristiti za budu\u0107nost, ali poenta nije ostati na istom nivou nego energi\u010dno i\u0107i naprijed. E, to nudi Edukacijski fakultet uz odli\u010dnu kombinaciju iskustva i mladosti sto na kraju \u010dini puni paket koji je me\u0111unarodno priznat i cijenjen.<\/p>\n<p><strong><em>Faruk Durmi\u0161evi\u0107, Novinarstvo<\/em><\/strong><\/p>\n<p>&nbsp;<\/p>\n<p>Neuroznanost 21. stolje\u0107a dokazala je da samo ono \u0161to \u010dovjek u\u010di s odu\u0161evljenjem i dobrim osje\u0107ajem ostaje duboko ukorijenjeno u mozgu. Zbog tog odu\u0161evljenja i dobrog osje\u0107aja koji me obuzmu prilikom boravka u prostorijama Edukacijskog fakulteta u Travniku, svakom \u010dovjeku bih po\u017eeljela da u\u010di u takvim uvjetima. Kada kolektiv i atmosfera jednog fakulteta, uz izuzetnu profesionalnost i stru\u010dnost profesora i asistenata zra\u010di tolikom toplinom, ljudsko\u0161\u0107u, pristupa\u010dno\u0161\u0107u, razumijevanjem, empatijom i susretljivo\u0161\u0107u, onda je zadovoljstvo i \u010dast biti dio takvog kolektiva, rasti, u\u010diti i razvijati se zajedno s njima. Edukacijski fakultet, od srca vam hvala!<\/p>\n<p><strong><em>Emanuela \u0106uri\u0107, Pedagogija i psihologija<\/em><\/strong><\/p>\n<p>&nbsp;<\/p>\n<p>Student sam Edukacijskog fakulteta smjer Pred\u0161kolski odgoj. Budu\u0107i da radim u pred\u0161kolskoj ustanovi kao vaspita\u010dica, a moje ranije zvanje profesora pedagogije i psihologije nije zakonom propisano za to radno mjesto, javila se potreba za do\u0161kolovanjem. Izabrala sam ovaj fakultet jer smatram da \u0107u ste\u0107i dodatna znanja koja su mi neophodna za uspje\u0161no obavljanje posla koji mnogo volim.&nbsp;<\/p>\n<p><strong><em>Nata\u0161a Trapara, Pred\u0161kolski odgoj<\/em><\/strong><\/p>\n<p>Iako je o studiranju te\u0161ko govoriti s pozicije studenta koji je ve\u0107 u 40-im godinama, ipak prvo \u0161to \u017eelim naglasiti je: Hvala Edukacijskom fakultetu u Travniku \u0161to ne\u0107u do kraja \u017eivota nositi titulu \u201evje\u010dni student\u201c. Priroda novinarskog posla u koji sam zagazila vrlo mlada svrstala me je u plejadu onih koji su upisali, ali ne i na vrijeme zavr\u0161ili studije.<\/p>\n<p>Tu priliku kona\u010dno sam dobila na smjeru Novinarstvo Edukacijskog fakulteta u Travniku, zahvaljuju\u0107i mogu\u0107nosti stvarnog vanrednog studiranja, jer vanredno za mene zna\u010di: predavanja i ispiti \u2013 vikendima. I to onim koji mi nisu radni, \u0161to na drugim fakultetima nisu mogli ponuditi.Profesorice, profesori, rukovodstvo i kompletno osoblje Edukacijskog fakulteta apsolutno su svih sedam dana u sedmici u punom kapacitetu u slu\u017ebi studenata. Vrlo brzo sam se uvjerila da dostupnost informacija, \u0161to je u mom \u017eivotu itekako bitan faktor, ovdje nije upitna: na e-mailove s Edukacijskog fakulteta odgovaraju i u pono\u0107.I na kraju, sad kada sam kona\u010dno na korak do diplome, iako sam mislila da nakon dvodecenijskog radnog iskustva namam \u0161ta novo nau\u010diti o novinarstvu, mogu samo potvrditi dobru staru: \u201e\u010covjek u\u010di dok je \u017eiv.\u201c Hvala Edukacijskom fakultetu u Travniku za sve novonau\u010deno!<\/p>\n<p><strong><em>&nbsp;Mirela Kukan, Novinarstvo<\/em><\/strong><\/p>\n<p>&nbsp;<\/p>\n<p>U jednom momentu \u017eivota odlu\u010dio sam da nadogradim svoje znanje i podignem ga na vi\u0161i nivo te sam upisao studij Novinarstva. Za Edukacijski fakultet u Travniku sam se odlu\u010dio prvenstveno iz razloga \u0161to su predavanja za vanredne studente organizovani tokom vikenda, a to mi je, zbog mojih poslovnih obaveza, odgovaralo.<\/p>\n<p>Moje impresije vezane za&nbsp; Edukacijski fakultet, nakon evo ve\u0107 tri godine studija, mogu sa\u017eeti u nekoliko za mene bitnih \u010dinjenica, a to je prvenstveno profesionalan, korektan, nadasve susretljiv i rekao bih prijateljski odnos kako profesora i asistenata tako i cjelokupnog osoblja Fakulteta. Veoma pozitivna atmosfera koju osjetite ve\u0107 na uvodnom \u010dasu, jasan plan i program rada i zadataka koje je potrebno pre\u0107i (jasan i stepenovan put do uspjeha), transparentan na\u010din valoriziranja aktivnosti studenta, razumijevanje za potrebe i eventualne posebne okolnosti studenta te maksimalna fleksibilnost u tom pogledu, usmjerenost ne samo na preno\u0161enje znanja i postavljanje zadataka, u cilju savladavanja gradiva, ve\u0107 i na promociju i izgradnju pozitivnih vrijednosti koje osoblje Edukacijskog fakulteta svakodnevno demonstrira u interakciji sa studentima, su stavke kojima se mo\u017ee pohvaliti Fakultet. Posebno bih pohvalio studentsku slu\u017ebu gdje vas uvijek do\u010dekaju sa osmjehom i ve\u0107 vas u prvom semestru znaju po imenu. Ovdje nema onih ljutih teta \u0161to vas na tri metra od \u0161altera ga\u0111aju ubojitim pogledom koji kao da odzvanja pitanjem:\u201c\u0160ta ti sad ho\u0107e\u0161?\u201d \ud83d\ude0a<\/p>\n<p>Na kraju, \u017eao mi je \u0161to je Edukacijski&nbsp; fakultet, zajedno sa drugim fakultetima u okviru Univerziteta u Travniku, nepravedno i bez ikakvih argumenata predmet predrasuda, ali sam uvjeren da \u0107e vrijeme i rezultati rada ovog fakulteta vrlo brzo razuvjeriti one koji sumnjaju u njegov kvalitet.&nbsp;<\/p>\n<p><strong><em>Eldin Ho\u0161i\u0107, Novinarstvo<\/em><\/strong><\/p>\n<p>&nbsp;<\/p>\n<p>Ja sam Harisa \u0110elilba\u0161i\u0107 studentica III godine Op\u0107e kineziologije Edukacijskog fakulteta Univerziteta u Travniku. Razlog zbog kojeg sam upisala ba\u0161 Edukacijski fakultet jeste taj \u0161to sam vidjela da ovaj fakultet nudi dosta mogu\u0107nosti za studente svih smjerova.<\/p>\n<p>Na Edukacijskom fakultetu, osim toga \u0161to se obu\u010davate za zvanje za koje ste se odlu\u010dili, mo\u017eete pobolj\u0161ati i svoje komunikacijske vje\u0161tine, znanja, uz u\u010de\u0161\u0107e na mnogobrojnim projektima tokom cijele godine. Profesori, asistenti i ostali uposlenici Edukacijskog fakulteta, uvijek su spremni da vam iza\u0111u u susret za bilo \u0161ta \u0161to trebate.<\/p>\n<p>Na smjeru Op\u0107a kineziologija, obu\u010davate se za zvanje profesora tjelesnog i zdravstvenog odgoja. Da biste bili dobar profesor tjelesnog i zdravstvenog odgoja, uz znanje potrebno je i dosta prakse. Upravo na ovoj smjeru imamo puno prakti\u010dnih aktivnosti, \u0161to je za budu\u0107eg profesora tjelesnog i zdravstvenog odgoja jako bitno kako bi sutra svoj posao mogao obavljati adekvatno i profesionalno. Ako ste se odlu\u010dili da va\u0161 \u017eivotni poziv bude profesor tjelesnog i zdravstvenog odgoja, onda vam Edukacijski fakultet nudi mogu\u0107nost da budete najbolji u svome poslu.<\/p>\n<p><strong><em>Harisa \u0110elilba\u0161i\u0107, Op\u0107a kineziologija<\/em><\/strong><\/p>\n<p>&nbsp;<\/p>\n<p>Moje ime je Martina Juri\u0107, tre\u0107a sam godina Edukacijskog fakulteta, ujedno i zavr\u0161na godina smjera Specijalne namjene. Za ovaj fakultet imam samo rije\u010di hvale. Sada bi vjerojatno rekli svako svoj fakultet hvali, a druge nije ni vidio. Na\u017ealost, za mene se to ne mo\u017ee re\u0107i. Jednu godinu sam studirala na drugom fakultetu i jedino \u0161to se mo\u017ee re\u0107i jeste da se na Edukacijskom fakultetu osje\u0107a\u0161 kao kod ku\u0107e, a ne kao u zatvoru. Specijalne namjene je smjer i za djevojke, a ne samo za mu\u0161karce, opet sam primjer tome. Ako se pronalazite kao netko tko \u017eeli \u010duvati zakon, biti zakon i provoditi zakon, onda je ovaj smjer idealan za vas. Specijalne namjene obuhvataju \u0161irok opseg predmeta i znanja, a neki od njih su strelja\u0161tvo, skijanje, samoobrana, borila\u010dki sportovi i mnogi drugi. Profesori na ovom smjeru, koji nesebi\u010dno prenose svoja bogata znanja i iskustva, puni su po\u0161tovanja i razumijevanja, kao i asistenti, za koje imam sve pohvale. Velike uspomene ostat \u0107e na ovom fakultetu, na ovom smjeru, jer koliko god u\u010dite i \u201eupijate\u201c znanje, toliko se i dru\u017eite i sti\u010dete nova prijateljstva na zajedni\u010dkim avanturisti\u010dkim predmetima. Moj izbor je bio Edukacijski fakultet, smjer Specijalne namjene, a va\u0161?<\/p>\n<p><strong><em>Martina Juri\u0107, Specijalne namjene<\/em><\/strong><\/p>\n<p>Student sam Edukacijskog fakulteta u Travniku, smjer Bosanski jezik i knji\u017eevnost. U jednom trenutku svog \u017eivota odlu\u010dila sam se za do\u0161kolovanje i usavr\u0161avanje koje mi je pru\u017eio Edukacijski fakultet. Profesori na ovom odsjeku su veoma kolegijalni, puni razumijevanja i veoma susretljivi. Edukacijski fakultet je pravo mjesto za do\u0161kolovanje, a, naravno, i za mlade studente.<\/p>\n<p><strong><em>Almira Merd\u017eanovi\u0107, Bosanski jezik i knji\u017eevnost<\/em><\/strong><\/p>\n<p>&nbsp;<\/p>\n<p>Studiranje je jedan od bitnijih \u017eivotnih trenutaka jedne osobe. U mojim studentskim danima Edukacijski fakultet Univerziteta u Travniku mi je osigurao temeljno znanje, sposobnosti i vje\u0161tine iz oblasti pedagogije i psihologije.<\/p>\n<p>Rad samih profesora, asistenata i kompletnog stru\u010dnog kadra fakulteta je na vrhunskom nivou. Njihovo nesebi\u010dno zalaganje, njihov rad, trud da vam prenesu znanje, nau\u010de vas da cijenite, po\u0161tujete i \u017eelite da nau\u010dite, usvojite i ponesete znanje sa sobom, su najve\u0107i podstrek u studiranju. \u017delite li&nbsp; isto i sebi, ili drugima, znanje, iskustvo i uspjeh, Edukacijski fakultet je pravo mjesto gdje \u0107ete uspjeti uzeti, usvojiti i prenijeti kvalitet svoga rada i truda drugima. Svaki trenutak proveden uz profesore i kolege ostavio je neizbrisiv trag u mom \u017eivotu, kojeg \u0107u se uvijek s ponosom sje\u0107ati.<\/p>\n<p><strong><em>Pa\u0161a Smajlovi\u0107, Pedagogija i psihologija<\/em><\/strong><\/p>\n<p>&nbsp;<\/p>\n<p>Nakon \u0161to su se u mome kantonu zna\u010dajno promijenili koeficijenti za obra\u010dun pla\u0107a odlu\u010dila sam da nastavim \u0161kolovanje na Edukacijskom fakultetu. Upisala sam tre\u0107u godinu i nastavila tamo gdje sam stala prije desetak godina. Na Edukacijskom fakultetu smjer Bosanski jezik i knji\u017eevnost odlikuje izvanredan odnos prema nama studentima koji smo u radnom odnosu, organizovanje predavanja i vje\u017ebi u dane vikenda, prilago\u0111avanje na\u0161em tempu rada, kompletna podr\u0161ka od strane osoblja Studentske slu\u017ebe i dekana fakulteta. Svi profesori i asistentice su srda\u010dni, ljubazni i uvijek na raspolaganju putem maila ili telefona. Dvije godine su pro\u0161le za \u010das i uskoro je vrijeme za odbranu diplomskog rada. Ko zna, mo\u017eda nastavimo dalje?!<\/p>\n<p><strong><em>Miroslava Kne\u017eevi\u0107, Bosanski jezik i knji\u017eevnost<\/em><\/strong><\/p>\n<p>&nbsp;<\/p>\n<p>Za studij do\u0161kolovanja u Travniku sam se odlu\u010dila iz vi\u0161e razloga. Tu ubrajam inovativne na\u010dine predavanja, kao i nevjerovatno dobre profesore, koji su, kako sam se i sama uvjerila, uvijek spremni pomo\u0107i. Naravno, prvo me privukla mogu\u0107nost studiranja, nakon \u010dega sam samo nastavila gledati i nailazila na sve vi\u0161e i vi\u0161e pozitivnih strana studiranja na Edukacijskom fakultetu u Travniku.<\/p>\n<p>\u0160to se ti\u010de mog iskustva do sada, prezadovoljna sam! Ispiti, kolokviji i seminarski radovi su nam dosta unaprijed najavljeni, tako da imamo mogu\u0107nost da, ako imamo ikakvih problema, upitamo za pomo\u0107 u bilo kojem trenutku. Profesori su veoma pristupa\u010dni i \u017eele pomo\u0107i u svakom trenutku. Svima&nbsp; bih preporu\u010dila bez razmi\u0161ljanja Edukacijski fakultet. Pomogli ste mi da nastavim studirati ono \u0161to \u017eelim, a to nije bila samo pomo\u0107 pri upisu, ve\u0107 i pomo\u0107 za sve vezano za do\u0161kolovanje. Upisala sam se na fakultet bez imalo stresa, a sve \u0161to mi nije bilo jasno mogla sam pitati u bilo kojem trenutku. Imam samo rije\u010di hvale za profesionalnost i&nbsp; rad.<\/p>\n<p><strong><em>Amela Gad\u017eo, Bosanski jezik i knji\u017eevnost<\/em><\/strong><\/p>\n","protected":false},"excerpt":{"rendered":"<p>Edukacijski fakultet Travnik svoje studente uvodi u svijet nauke i omogu\u0107ava im da steknu sve one potrebne vje\u0161tine u zavisnosti od struke za koju se opredijele. Kao svoj \u017eivotni poziv odabrala sam pred\u0161kolski odgoj. Ono \u0161to su mi pru\u017eili na Edukacijskom fakultetu jeste profesionalno educiranje za samostalno, stru\u010dno i odgovorno obavljanje poslova i zadataka njege, [&hellip;]<\/p>\n","protected":false},"author":1,"featured_media":0,"parent":0,"menu_order":0,"comment_status":"closed","ping_status":"closed","template":"","meta":{"ngg_post_thumbnail":0},"_links":{"self":[{"href":"https:\/\/www.eft.ba\/web\/wp-json\/wp\/v2\/pages\/65952"}],"collection":[{"href":"https:\/\/www.eft.ba\/web\/wp-json\/wp\/v2\/pages"}],"about":[{"href":"https:\/\/www.eft.ba\/web\/wp-json\/wp\/v2\/types\/page"}],"author":[{"embeddable":true,"href":"https:\/\/www.eft.ba\/web\/wp-json\/wp\/v2\/users\/1"}],"replies":[{"embeddable":true,"href":"https:\/\/www.eft.ba\/web\/wp-json\/wp\/v2\/comments?post=65952"}],"version-history":[{"count":4,"href":"https:\/\/www.eft.ba\/web\/wp-json\/wp\/v2\/pages\/65952\/revisions"}],"predecessor-version":[{"id":65967,"href":"https:\/\/www.eft.ba\/web\/wp-json\/wp\/v2\/pages\/65952\/revisions\/65967"}],"wp:attachment":[{"href":"https:\/\/www.eft.ba\/web\/wp-json\/wp\/v2\/media?parent=65952"}],"curies":[{"name":"wp","href":"https:\/\/api.w.org\/{rel}","templated":true}]}}