{"id":65867,"date":"2020-05-12T21:43:33","date_gmt":"2020-05-12T21:43:33","guid":{"rendered":"https:\/\/www.eft.ba\/web\/?page_id=65867"},"modified":"2021-05-11T10:25:19","modified_gmt":"2021-05-11T10:25:19","slug":"promo-4","status":"publish","type":"page","link":"https:\/\/www.eft.ba\/web\/promo-4\/","title":{"rendered":"Promo"},"content":{"rendered":"<div class=\"wpb-content-wrapper\"><p>[vc_row][vc_column el_class=&#8221;intro&#8221; css=&#8221;.vc_custom_1589759072381{background-color: #a15f9e !important;}&#8221;][vc_column_text]<\/p>\n<p style=\"text-align: center;\"><span style=\"color: #ffffff;\"><strong>Pismo budu\u0107im studentima<\/strong><\/span><\/p>\n<p><span style=\"color: #ffffff;\">Dragi budu\u0107i studenti,<\/span><\/p>\n<p><span style=\"color: #ffffff;\">Odabir studija je va\u017ean korak koji trebate napraviti za va\u0161u budu\u0107nost u kojoj ste vi kreatori va\u0161ih uspjeha i va\u0161ih poslovnih karijera. Zato je bitno da birate ono \u0161to \u017eelite upoznati, nau\u010diti i saznati kako bi va\u0161 svijet imao smisla i bio ispunjen zadovoljstvom i sre\u0107om.<\/span><\/p>\n<p><span style=\"color: #ffffff;\">Vjerujemo da \u0107e izbor jednog od studijskih programa na Edukacijskom fakultetu biti va\u0161 izbor i da ste prepoznali na\u0161e okru\u017eenje u kojem \u017eelite raditi, sticati nova iskustva i ostvariti misiju i viziju svog \u017eivota koju svi, dolaskom na svijet imamo. Edukacijski fakultet je ustanova koja \u0107e vam na tom putu pomo\u0107i, koja \u0107e biti va\u0161a podr\u0161ka da do\u0111ete do \u017eeljenog cilja. Osiguranje kvaliteta i odnos prema studentu su osnovne vodilje na putu stvaranja va\u0161e akademske karijere, od bruco\u0161a do \u010dlana akademske zajednice. Izdvojit \u0107emo perfomanse na\u0161eg okru\u017eenja koje su prepoznate u pri\u010dama biv\u0161ih studenata i po kojima smo kao ustanova postali prepoznatljivi:<\/span><\/p>\n<ul>\n<li><span style=\"color: #ffffff;\">Kvalitetni studijski programi uskla\u0111eni sa potrebama tr\u017ei\u0161ta rada.<\/span><\/li>\n<li><span style=\"color: #ffffff;\">Akademski kadar, referentan u akademskoj zajednici BiH i me\u0111unarodno priznat.<\/span><\/li>\n<li><span style=\"color: #ffffff;\">Dostupnost nastavnog osoblja i pristupa\u010dnost u neposrednoj komunikaciji.<\/span><\/li>\n<li><span style=\"color: #ffffff;\">Ljubaznost svih slu\u017ebi fakulteta koje su servis i podrska studentima i nastavnom oosblju.<\/span><\/li>\n<li><span style=\"color: #ffffff;\">Razvijeni <em>TOP<\/em> model realizacije nastavnog procesa u kojem se smjenjuju <em>Teorija, Obuka i Praksa <\/em>sa akcentom na prakti\u010dni rad i metodi\u010dku praksu.<\/span><\/li>\n<li><span style=\"color: #ffffff;\">Me\u0111unarodni projekti u okviru programa ERASMUS + u kojima je Edukacijski fakultet uklju\u010den kao koordinator i kao partner daje studentima priliku za u\u010de\u0161\u0107e i sticanje iskustva me\u0111unarodne mobilnosti.<\/span><\/li>\n<li><span style=\"color: #ffffff;\">Opremljenost fakulteta omogu\u0107ava studentima studiranje po savremenim standardima i oblikuje ugodan ambijent u kojem studenti vole da borave.<\/span><\/li>\n<li><span style=\"color: #ffffff;\">Aktivnosti koje se nude studentima izvan nastavnog procesa kojim studenti promovi\u0161u svoj rad i rad fakulteta, modeliraju okru\u017eenje fakulteta kao po\u017eeljnu visoko\u0161kolsku ustanovu kao mjesto studiranja i sticanja novih znanja.<\/span><\/li>\n<li><span style=\"color: #ffffff;\">Izgradnja studentske karijere kroz studetnski aktivizam je opredjeljenje Fakulteta da studentima ponudi mogu\u0107nost akademske karijere koju bi kroz studiranje gradili.<\/span><\/li>\n<li><span style=\"color: #ffffff;\">Podr\u0161ka u radu studentskim asocijacijama i studentskom parlamentu kroz aktivno u\u010de\u0161\u0107e studenata u radu Fakulteta.<\/span><\/li>\n<\/ul>\n<p><span style=\"color: #ffffff;\">Novina koju \u017eelimo podjeliti sa vama je uvo\u0111enje programa distance learning, tako da studenti pored redovnog i vanrednog na\u010dina studiranja mogu odabrati i na\u010din studiranja na daljinu. Bez obzira koji na\u010din odaberete, mi \u0107emo se potruditi da opravdamo va\u0161e povjerenje i da ispunimo sva va\u0161a o\u010dekivanja.<\/span><\/p>\n<p><span style=\"color: #ffffff;\">Student je u centru pa\u017enje i sve \u0161to radimo je usmjereno na kvalitet sadr\u017eaja i uslova koji su potrebni za sticanje znanja, vje\u0161tina i kompetencija sa kojima \u0107ete diplomu na\u0161eg fakulteta ponosno promovirati.<\/span><\/p>\n<p><span style=\"color: #ffffff;\"><em>Ako birate izvrsnost onda je Edukacijski fakultet pravi izbor za Vas!<\/em><\/span><\/p>\n<p style=\"text-align: right;\"><span style=\"color: #ffffff;\">Menad\u017ement fakulteta<\/span><\/p>\n<p>[\/vc_column_text][\/vc_column][\/vc_row][vc_row css=&#8221;.vc_custom_1589759101787{margin-top: 20px !important;}&#8221;][vc_column width=&#8221;1\/2&#8221; el_class=&#8221;intro2&#8221;][vc_column_text]<strong>SMJEROVI (4+1):<\/strong><\/p>\n<ul>\n<li><a href=\"https:\/\/www.eft.ba\/web\/predskolski-odgoj-front\/\">Pred\u0161kolski odgoj<\/a><\/li>\n<li><a href=\"https:\/\/www.eft.ba\/web\/razredna-nastava-front\/\">Razredna nastava<\/a><\/li>\n<li><a href=\"https:\/\/www.eft.ba\/web\/pedagogija-i-pshihologija-front\/\">Pedagogija i psihologija<\/a><\/li>\n<li><a href=\"https:\/\/www.eft.ba\/web\/matematika-i-informatika-front\/\">Matematika i informatika<\/a><\/li>\n<li><a href=\"https:\/\/www.eft.ba\/web\/opca-kineziologija-front\/\">Op\u0107a kineziologija<\/a><\/li>\n<li><a href=\"https:\/\/www.eft.ba\/web\/novinarstvo-front\/\">Komunikologija\/Novinarstvo<\/a><\/li>\n<\/ul>\n<p><strong>SMJEROVI (3+2):<\/strong><\/p>\n<ul>\n<li><a href=\"https:\/\/www.eft.ba\/web\/specijalne-namjene-front\/\">Specijalne namjene<\/a><\/li>\n<li><a href=\"https:\/\/www.eft.ba\/web\/personalni-trener-front\/\">Personalni trener<\/a><\/li>\n<li><a href=\"https:\/\/www.eft.ba\/web\/sportski-trener-front\/\">Sportski trener<\/a><\/li>\n<li><a href=\"https:\/\/www.eft.ba\/web\/sportski-menadzment-front\/\">Sportski menad\u017ement<\/a><\/li>\n<li><a href=\"https:\/\/www.eft.ba\/web\/novinarstvo-front\/\">Komunikologija\/Novinarstvo<\/a><\/li>\n<\/ul>\n<p><a href=\"https:\/\/www.eft.ba\/web\/edukacijski-menadzment-front\/\">Edukacijski menad\u017ement \u2013 master studij<\/a><strong><br \/>\n<\/strong>[\/vc_column_text][\/vc_column][vc_column width=&#8221;1\/2&#8221; el_class=&#8221;intro2&#8221;][vc_column_text]<\/p>\n<p style=\"font-weight: 400;\"><strong>CIKLUSI STUDIJA:<\/strong><\/p>\n<ul>\n<li style=\"font-weight: 400;\"><a href=\"https:\/\/www.eft.ba\/web\/studij\/diplomski-studij\/\">I CIKLUS \u2013 Dodiplomski studij (3 ili 4 godine)<\/a><\/li>\n<li style=\"font-weight: 400;\"><a href=\"https:\/\/www.eft.ba\/web\/studij\/postdiplomski-studij\/\">II CIKLUS \u2013 Master studij (1 ili 2 godine)<\/a><\/li>\n<li style=\"font-weight: 400;\"><a href=\"https:\/\/www.eft.ba\/web\/studij\/doktorski-studij\/\">III CIKLUS \u2013 Doktorski studij (3 godine)<\/a><\/li>\n<\/ul>\n<p style=\"font-weight: 400;\"><strong>NA\u010cIN STUDIRANJA:<\/strong><\/p>\n<ul>\n<li style=\"font-weight: 400;\">Redovan studij<\/li>\n<li style=\"font-weight: 400;\">Vanredan studij<\/li>\n<li style=\"font-weight: 400;\">DL \u2013 U\u010denje na daljinu<\/li>\n<\/ul>\n<p style=\"font-weight: 400;\">&nbsp;<\/p>\n<p>[\/vc_column_text][\/vc_column][\/vc_row][vc_row][vc_column el_class=&#8221;intro2&#8221;][vc_column_text]<\/p>\n<p style=\"font-weight: 400;\"><a href=\"https:\/\/www.eft.ba\/web\/fakultet\/cjenovnik-usluga\/\"><strong>CIJENA \u0160KOLARINE&nbsp;<\/strong><\/a><\/p>\n<p style=\"font-weight: 400;\"><a href=\"https:\/\/www.eft.ba\/web\/online-upis\/\"><strong>INFORMACIJE O UPISU<\/strong><\/a><\/p>\n<p style=\"font-weight: 400;\">Nakon objave konkursa, za upis novih studenata za akademsku 2021\/2022 godinu, na web stranici \u0107e biti objavljeni elektronski formulari koji \u0107e Vam ponuditi mogu\u0107nost online upisa.<\/p>\n<p>[\/vc_column_text][\/vc_column][\/vc_row]<\/p>\n<\/div>","protected":false},"excerpt":{"rendered":"<p>[vc_row][vc_column el_class=&#8221;intro&#8221; css=&#8221;.vc_custom_1589759072381{background-color: #a15f9e !important;}&#8221;][vc_column_text] Pismo budu\u0107im studentima Dragi budu\u0107i studenti, Odabir studija je va\u017ean korak koji trebate napraviti za va\u0161u budu\u0107nost u kojoj ste vi kreatori va\u0161ih uspjeha i va\u0161ih poslovnih karijera. Zato je bitno da birate ono \u0161to \u017eelite upoznati, nau\u010diti i saznati kako bi va\u0161 svijet imao smisla i bio ispunjen zadovoljstvom [&hellip;]<\/p>\n","protected":false},"author":1,"featured_media":0,"parent":0,"menu_order":0,"comment_status":"closed","ping_status":"closed","template":"","meta":{"ngg_post_thumbnail":0},"_links":{"self":[{"href":"https:\/\/www.eft.ba\/web\/wp-json\/wp\/v2\/pages\/65867"}],"collection":[{"href":"https:\/\/www.eft.ba\/web\/wp-json\/wp\/v2\/pages"}],"about":[{"href":"https:\/\/www.eft.ba\/web\/wp-json\/wp\/v2\/types\/page"}],"author":[{"embeddable":true,"href":"https:\/\/www.eft.ba\/web\/wp-json\/wp\/v2\/users\/1"}],"replies":[{"embeddable":true,"href":"https:\/\/www.eft.ba\/web\/wp-json\/wp\/v2\/comments?post=65867"}],"version-history":[{"count":24,"href":"https:\/\/www.eft.ba\/web\/wp-json\/wp\/v2\/pages\/65867\/revisions"}],"predecessor-version":[{"id":67406,"href":"https:\/\/www.eft.ba\/web\/wp-json\/wp\/v2\/pages\/65867\/revisions\/67406"}],"wp:attachment":[{"href":"https:\/\/www.eft.ba\/web\/wp-json\/wp\/v2\/media?parent=65867"}],"curies":[{"name":"wp","href":"https:\/\/api.w.org\/{rel}","templated":true}]}}