{"id":54880,"date":"2017-07-20T09:08:28","date_gmt":"2017-07-20T09:08:28","guid":{"rendered":"https:\/\/www.eft.ba\/web\/?page_id=54880"},"modified":"2017-07-25T08:45:51","modified_gmt":"2017-07-25T08:45:51","slug":"strucna-praksa-pedagogija-psihologija","status":"publish","type":"page","link":"https:\/\/www.eft.ba\/web\/strucna-praksa-pedagogija-psihologija\/","title":{"rendered":"Stru\u010dna praksa &#8211; Pedagogija i psihologija"},"content":{"rendered":"<p><strong>METODI\u010cKA PRAKSA<\/strong><\/p>\n<p>Studenti u toku osmog semestra obavljaju metodi\u010dku praksu u ukupnom trajanju od 60 sati. Praksa se obavlja u osnovno\u0161kolskim i srednjo\u0161kolskim ustanovama i drugim Centrima sa kojima fakultet ima sklopljen ugovor o izvo\u0111enju prakse.<\/p>\n<p>Praksa se izvodi u grupama od 5 studenata \u0161to omogu\u0107ava visok stepen individualizacije u obuci studenata.<\/p>\n<p>U okviru metodi\u010dke prakse studenti posmatraju rad i aktivnosti mentora u grupi prvih 20 sati a ostalih 40 sati izvodi samostalno aktivnosti uz pomo\u0107 i saradnju sa mentorom te se osposobljavaju za konstruktivnu evaluaciju rada mentora, svog rada i rada svojih kolega.<\/p>\n<p>Sve aktivnosti student vodi u dnevnik metodi\u010dke prakse koji nakon obavljene prakse verifikuje mentor i direktor osnovno\u0161kolske ili srednjo\u0161kolske ustanove, a pregleda i provjerava njegov sadr\u017eaj&nbsp; asistent i profesor koji se odre\u0111uje planom pokrivenosti za navedenu akademsku godinu.<\/p>\n<p><a href=\"https:\/\/www.eft.ba\/web\/wp-content\/uploads\/2017\/07\/Uputnica-za-praksu.pdf\">Uputnica za praksu<\/a><\/p>\n","protected":false},"excerpt":{"rendered":"<p>METODI\u010cKA PRAKSA Studenti u toku osmog semestra obavljaju metodi\u010dku praksu u ukupnom trajanju od 60 sati. Praksa se obavlja u osnovno\u0161kolskim i srednjo\u0161kolskim ustanovama i drugim Centrima sa kojima fakultet ima sklopljen ugovor o izvo\u0111enju prakse. Praksa se izvodi u grupama od 5 studenata \u0161to omogu\u0107ava visok stepen individualizacije u obuci studenata. U okviru metodi\u010dke [&hellip;]<\/p>\n","protected":false},"author":1,"featured_media":0,"parent":0,"menu_order":0,"comment_status":"closed","ping_status":"closed","template":"","meta":{"ngg_post_thumbnail":0},"_links":{"self":[{"href":"https:\/\/www.eft.ba\/web\/wp-json\/wp\/v2\/pages\/54880"}],"collection":[{"href":"https:\/\/www.eft.ba\/web\/wp-json\/wp\/v2\/pages"}],"about":[{"href":"https:\/\/www.eft.ba\/web\/wp-json\/wp\/v2\/types\/page"}],"author":[{"embeddable":true,"href":"https:\/\/www.eft.ba\/web\/wp-json\/wp\/v2\/users\/1"}],"replies":[{"embeddable":true,"href":"https:\/\/www.eft.ba\/web\/wp-json\/wp\/v2\/comments?post=54880"}],"version-history":[{"count":8,"href":"https:\/\/www.eft.ba\/web\/wp-json\/wp\/v2\/pages\/54880\/revisions"}],"predecessor-version":[{"id":56148,"href":"https:\/\/www.eft.ba\/web\/wp-json\/wp\/v2\/pages\/54880\/revisions\/56148"}],"wp:attachment":[{"href":"https:\/\/www.eft.ba\/web\/wp-json\/wp\/v2\/media?parent=54880"}],"curies":[{"name":"wp","href":"https:\/\/api.w.org\/{rel}","templated":true}]}}