{"id":54805,"date":"2017-07-20T07:48:22","date_gmt":"2017-07-20T07:48:22","guid":{"rendered":"https:\/\/www.eft.ba\/web\/?page_id=54805"},"modified":"2021-06-17T11:54:52","modified_gmt":"2021-06-17T11:54:52","slug":"promo-novinarstvo","status":"publish","type":"page","link":"https:\/\/www.eft.ba\/web\/promo-novinarstvo\/","title":{"rendered":"PROMO &#8211; Novinarstvo"},"content":{"rendered":"<div class=\"wpb-content-wrapper\"><p>[vc_row][vc_column][vc_tta_tabs][vc_tta_section title=&#8221;PROMO Letak&#8221; tab_id=&#8221;1500536525714-ccdc3294-daf25b57-67a7&#8221;][vc_single_image image=&#8221;67570&#8221; img_size=&#8221;full&#8221;][\/vc_tta_section][vc_tta_section title=&#8221;PROMO Video&#8221; tab_id=&#8221;1500536525777-04985de6-44925b57-67a7&#8221;][vc_video link=&#8221;https:\/\/www.youtube.com\/watch?v=yxc17d53txw&#8221;][\/vc_tta_section][vc_tta_section title=&#8221;PROMO Galerija&#8221; tab_id=&#8221;1500536579721-47119049-aec65b57-67a7&#8221;][vc_column_text]<\/p>\nngg_shortcode_0_placeholder\n<p>[\/vc_column_text][\/vc_tta_section][vc_tta_section title=&#8221;Uspje\u0161ni studenti&#8221; tab_id=&#8221;1500536603451-59f56ec8-00cb5b57-67a7&#8221;][\/vc_tta_section][vc_tta_section title=&#8221;Za\u0161to upisati&#8221; tab_id=&#8221;1500536612597-d27a4aec-4fbe5b57-67a7&#8221;][vc_column_text]<strong><em>Za\u0161to upisati Novinarstvo?<\/em><\/strong><\/p>\n<ul>\n<li>Studijski smjer Novinarstvo namijenjen je onim studentima koji \u017eele raditi dinami\u010dan i zanimljiv posao prepun izazova.<\/li>\n<li>Zna\u010daj novinara u dru\u0161tvu je od neprocjenjive va\u017enosti. Masovni su mediji zauzeli va\u017eno mjesto u na\u0161oj svakodnevici. Kroz uloge informiranja, obrazovanja i zabave, u suvremenom dru\u0161tvu posredstvom medija se saznaju novosti, govori se i razgovara, polemizira i problematizira. Misija medija je slu\u017eiti gra\u0111anima. Profesionalno novinarstvo neophodno je za o\u010duvanje raznolikosti, pluralizma i uredni\u010dke neovisnosti kao temelj demokrati\u010dnih medija.<\/li>\n<li>Studijski smjer Novinarstvo nudi spoj teorijskih nau\u010dnih spoznaja i atraktivnih i svrsishodnih prakti\u010dnih znanja. Kako bi ispunili ono \u0161to se od njih o\u010dekuje po zavr\u0161etku studija novinari trebaju obrazovanje koje im omogu\u0107ava da shvate \u0161iru perspektivu sebe, ali i dru\u0161tva, kako bi mogli postavljati pitanja i dovoditi u pitanje.<\/li>\n<li>Novinari \u0161kolovani na Edukacijskom fakultetu postaju kvalificirani stru\u010dnjaci za obavljanje kompleksnog i dinami\u010dnog novinarskog poziva. Za novinarsku profesiju su potrebne vje\u0161tine, ali i intelektualna sigurnost koja dolazi od znanja. Na\u010din na koji su novinari educirani utje\u010de na njihovu samopercepciju, a njihova samopercepcija i uloga u dru\u0161tvu vodi do razlike u novinarskoj praksi<\/li>\n<li>Zbog znanstveno i stru\u010dno utemeljenog nastavnog plana i programa, studenti novinarstva pored primarnog zaposlenja na televizijskim i radijskim stanicama, printanim medijima, internet portalima, svoje zaposlenje mogu prona\u0107i i u dr\u017eavnim institucijama, institucijama koje reguli\u0161u rad medija, u sportskim klubovima i dru\u0161tvima, kao i u drugim firmama i ustanovama u kojima su potrebne kompetencije iz oblasti novinarstva.<\/li>\n<\/ul>\n<p><strong><em>Za\u0161to studirati na Edukacijskom fakultetu?<\/em><\/strong><\/p>\n<ul>\n<li>Kvalitet rada koji Edukacijski fakultet pru\u017ea svojim studentima potvr\u0111uju i ste\u010dene diplome koje su priznate \u0161irom svijeta.<\/li>\n<li>Nastavni proces na Edukacijskom fakultetu provode najugledniji i najpriznatiji bosanskohercegova\u010dki i me\u0111unarodni znanstvenici!<\/li>\n<li>Profesori i asistenti na Edukacijskom fakultetu dostupni su studentima za konsultacije i pomo\u0107 u radu 24 sata tokom svih 7 dana u sedmici.<\/li>\n<li>Studentska slu\u017eba Edukacijskog fakulteta dostupna je studentima za kontakt i informacije 24 sata tokom svih 7 dana u sedmici.<\/li>\n<li>Nastavni proces na Edukacijskom fakultetu odvija se u moderno dizajniranom i ure\u0111enom ambijentu prilago\u0111enom savremenim trendovima studiranja!<\/li>\n<li>Nastavu na Edukacijskom fakultetu mogu\u0107e je pratitii i aktivno sudjelovati putem sistema za u\u010denje na daljinu \u2013 Studentskog informacijskog servisa!<\/li>\n<li>Edukacijski fakultet ostvaruje posebne programe i projekte razmjene studenata i nastavnika sa mnogim doma\u0107im i inozemnim fakultetima!<\/li>\n<li>Najboljim u\u010denicima Edukacijski fakultet pru\u017ea posebne mogu\u0107nosti za ostvarivanje prava na<\/li>\n<li>popust pri upisu studija!<\/li>\n<li>Najboljim studentima Edukacijski fakultet pru\u017ea posebne mogu\u0107nosti za ostvarivanje prava na dodatni popust pri pla\u0107anju \u0161kolarine!<\/li>\n<li>Najboljim studentima Edukacijski fakultet pru\u017ea posebne mogu\u0107nosti za ostvarivanje profesionalne akademske karijere u visokom obrazovanju!<\/li>\n<li>Nastavnici i studenti Edukacijskog fakulteta nosioci su svekolikih aktivnosti u javnom, sportskom i kulturnom \u017eivotu grada Travnika i Srednjobosanskog kantona!<\/li>\n<li>Asocijacija studenata Edukacijskog fakulteta \u2013 ASEF svojim \u010dlanovima pru\u017ea dodatne mogu\u0107nosti za unapre\u0111enje znanja i kompetencija!<\/li>\n<li>Studenti Edukacijskog fakulteta nosioci su svekolikih aktivnosti na fakultetu \u2013 organiziranje tribina, skupova, dru\u017eenja&#8230;<\/li>\n<li>Alumini asocijacija Edukacijskog fakulteta aktivno djeluje na pru\u017eanju pomo\u0107i u usavr\u0161avanju i pobolj\u0161avanju polo\u017eaja biv\u0161ih i sada\u0161njih studenata.<\/li>\n<\/ul>\n<p><strong>Mi smo OPREDIJELJENI ZA IZVRSNOST, a VI?<\/strong>[\/vc_column_text][\/vc_tta_section][\/vc_tta_tabs][\/vc_column][\/vc_row]<\/p>\n<\/div>","protected":false},"excerpt":{"rendered":"<p>[vc_row][vc_column][vc_tta_tabs][vc_tta_section title=&#8221;PROMO Letak&#8221; tab_id=&#8221;1500536525714-ccdc3294-daf25b57-67a7&#8221;][vc_single_image image=&#8221;67570&#8221; img_size=&#8221;full&#8221;][\/vc_tta_section][vc_tta_section title=&#8221;PROMO Video&#8221; tab_id=&#8221;1500536525777-04985de6-44925b57-67a7&#8221;][vc_video link=&#8221;https:\/\/www.youtube.com\/watch?v=yxc17d53txw&#8221;][\/vc_tta_section][vc_tta_section title=&#8221;PROMO Galerija&#8221; tab_id=&#8221;1500536579721-47119049-aec65b57-67a7&#8221;][vc_column_text] &#8221; template=&#8221;default&#8221; order_by=&#8221;sortorder&#8221; order_direction=&#8221;ASC&#8221; returns=&#8221;included&#8221; maximum_entity_count=&#8221;500&#8221;] [\/vc_column_text][\/vc_tta_section][vc_tta_section title=&#8221;Uspje\u0161ni studenti&#8221; tab_id=&#8221;1500536603451-59f56ec8-00cb5b57-67a7&#8221;][\/vc_tta_section][vc_tta_section title=&#8221;Za\u0161to upisati&#8221; tab_id=&#8221;1500536612597-d27a4aec-4fbe5b57-67a7&#8221;][vc_column_text]Za\u0161to upisati Novinarstvo? Studijski smjer Novinarstvo namijenjen je onim studentima koji \u017eele raditi dinami\u010dan i zanimljiv posao prepun izazova. Zna\u010daj novinara u dru\u0161tvu je od neprocjenjive va\u017enosti. Masovni su mediji [&hellip;]<\/p>\n","protected":false},"author":1,"featured_media":0,"parent":0,"menu_order":0,"comment_status":"closed","ping_status":"closed","template":"","meta":{"ngg_post_thumbnail":0},"_links":{"self":[{"href":"https:\/\/www.eft.ba\/web\/wp-json\/wp\/v2\/pages\/54805"}],"collection":[{"href":"https:\/\/www.eft.ba\/web\/wp-json\/wp\/v2\/pages"}],"about":[{"href":"https:\/\/www.eft.ba\/web\/wp-json\/wp\/v2\/types\/page"}],"author":[{"embeddable":true,"href":"https:\/\/www.eft.ba\/web\/wp-json\/wp\/v2\/users\/1"}],"replies":[{"embeddable":true,"href":"https:\/\/www.eft.ba\/web\/wp-json\/wp\/v2\/comments?post=54805"}],"version-history":[{"count":11,"href":"https:\/\/www.eft.ba\/web\/wp-json\/wp\/v2\/pages\/54805\/revisions"}],"predecessor-version":[{"id":67614,"href":"https:\/\/www.eft.ba\/web\/wp-json\/wp\/v2\/pages\/54805\/revisions\/67614"}],"wp:attachment":[{"href":"https:\/\/www.eft.ba\/web\/wp-json\/wp\/v2\/media?parent=54805"}],"curies":[{"name":"wp","href":"https:\/\/api.w.org\/{rel}","templated":true}]}}