{"id":54795,"date":"2017-07-20T07:46:16","date_gmt":"2017-07-20T07:46:16","guid":{"rendered":"https:\/\/www.eft.ba\/web\/?page_id=54795"},"modified":"2021-06-17T11:46:37","modified_gmt":"2021-06-17T11:46:37","slug":"promo-personalni-trener","status":"publish","type":"page","link":"https:\/\/www.eft.ba\/web\/promo-personalni-trener\/","title":{"rendered":"PROMO &#8211; Personalni trener"},"content":{"rendered":"<div class=\"wpb-content-wrapper\"><p>[vc_row][vc_column][vc_tta_tabs][vc_tta_section title=&#8221;PROMO Letak&#8221; tab_id=&#8221;1500536525714-ccdc3294-daf26880-e5c0&#8221;][vc_single_image image=&#8221;67584&#8221; img_size=&#8221;full&#8221; alignment=&#8221;center&#8221;][\/vc_tta_section][vc_tta_section title=&#8221;PROMO Video&#8221; tab_id=&#8221;1500536525777-04985de6-44926880-e5c0&#8221;][vc_column_text]<a href=\"https:\/\/youtu.be\/Jd6Aa5a43P4\">https:\/\/youtu.be\/Jd6Aa5a43P4<\/a>[\/vc_column_text][\/vc_tta_section][vc_tta_section title=&#8221;PROMO Galerija&#8221; tab_id=&#8221;1500536579721-47119049-aec66880-e5c0&#8221;][vc_column_text]<\/p>\nngg_shortcode_0_placeholder\n<p>[\/vc_column_text][\/vc_tta_section][vc_tta_section title=&#8221;Uspje\u0161ni studenti&#8221; tab_id=&#8221;1500536603451-59f56ec8-00cb6880-e5c0&#8221;][\/vc_tta_section][vc_tta_section title=&#8221;Za\u0161to upisati&#8221; tab_id=&#8221;1500536612597-d27a4aec-4fbe6880-e5c0&#8221;][vc_column_text]Zanimanje personalni trener relativno je novo u regionu zapadnog Balkana, ali s porastom trenda sedentarnog na\u010dina \u017eivota i ubrzanog ritma \u017eivljenja iza\u0161lo je u prvi plan kroz razli\u010dite oblike fitnes programa, ali i kroz upravljanje trena\u017enim procesom u sportskim klubovima.<\/p>\n<p>Studijski program Personalni trener kreiran je da zadovolji najvi\u0161e standarde u oblasti upravljanja transformacionim procesima, dijagnostike antropolo\u0161kog statusa pojedinaca i grupa, ali i nutricionizma, \u0161to je danas postalo veoma va\u017eno svakom pojedincu, a posebno sportskim organizacijama.<\/p>\n<p>Studiranje na ovom studijskom programu je atraktivno prevashodno jer se sva teorijska znanja prakti\u010dno potkrepljuju, \u0161to ovaj studijski program \u010dini zanimljivim studentima koji ga studiraju.<\/p>\n<p>Po zavr\u0161etku studija na Edukacijskom fakultetu, stru\u010dnjaci iz oblasti personalnog treninga postaju kvalificirani za prakti\u010dno utemeljenje procesa vje\u017ebanja u svim rekreativnim i profesionalnim sportskim aktivnostima i za vrednovanje kineziolo\u0161kih u\u010dinaka tako programirane tjelovje\u017ebe te za dijagnostiku stanja treniranosti vje\u017eba\u010da amatera ili profesionalaca te prehranu i suplementaciju u procesu tjelesnog vje\u017ebanja.<\/p>\n<p>Zbog hroni\u010dnog nedostatka kadrova realne su mogu\u0107nosti zapo\u0161ljavanja u sportskim klubovima, sportsko-dijagnosti\u010dkim centrima i laboratorijama, sportsko-rekreativnim i rehabilitacijskim centrima itd.<\/p>\n<p>Prednosti studiranja na Edukacijskom fakultetu:<\/p>\n<ul>\n<li>Nastavni proces na Edukacijskom fakultetu provode najugledniji i najpriznatiji bosanskohercegova\u010dki i me\u0111unarodni znanstvenici!<\/li>\n<li>Profesori i asistenti na Edukacijskom fakultetu dostupni su studentima za konsultacije i pomo\u0107 u radu 24 sata tokom svih 7 dana u sedmici.<\/li>\n<li>Studentska slu\u017eba Edukacijskog fakulteta dostupna je studentima za kontakt i informacije 24 sata tokom svih 7 dana u sedmici.<\/li>\n<li>Nastavni proces na Edukacijskom fakultetu odvija se u moderno dizajniranom i ure\u0111enom ambijentu prilago\u0111enom savremenim trendovima studiranja!<\/li>\n<li>Prakti\u010dna nastava na Edukacijskom fakultetu odvija i u specijaliziranim sportskim kampovima i trening centrima zemlji i inozemstvu!<\/li>\n<li>Nastavni proces na Edukacijskom fakultetu popra\u0107en je najsavremenijom nastavnom opremom i u\u010dilima!<\/li>\n<li>&#8211; Nastavu na Edukacijskom fakultetu mogu\u0107e je pratiti i aktivno sudjelovati putem sistema za u\u010denje na daljinu \u2013 Studentskog informacijskog servisa!<\/li>\n<li>Edukacijski fakultet ostvaruje posebne programe i projekte razmjene studenata i nastavnika sa mnogim doma\u0107im i inozemnim fakultetima!<\/li>\n<li>Najboljim u\u010denicima Edukacijski fakultet pru\u017ea posebne mogu\u0107nosti za ostvarivanje prava na popust pri upisu studija!<\/li>\n<\/ul>\n<p>[\/vc_column_text][\/vc_tta_section][\/vc_tta_tabs][\/vc_column][\/vc_row]<\/p>\n<\/div>","protected":false},"excerpt":{"rendered":"<p>[vc_row][vc_column][vc_tta_tabs][vc_tta_section title=&#8221;PROMO Letak&#8221; tab_id=&#8221;1500536525714-ccdc3294-daf26880-e5c0&#8221;][vc_single_image image=&#8221;67584&#8221; img_size=&#8221;full&#8221; alignment=&#8221;center&#8221;][\/vc_tta_section][vc_tta_section title=&#8221;PROMO Video&#8221; tab_id=&#8221;1500536525777-04985de6-44926880-e5c0&#8221;][vc_column_text]https:\/\/youtu.be\/Jd6Aa5a43P4[\/vc_column_text][\/vc_tta_section][vc_tta_section title=&#8221;PROMO Galerija&#8221; tab_id=&#8221;1500536579721-47119049-aec66880-e5c0&#8221;][vc_column_text] &#8221; template=&#8221;default&#8221; order_by=&#8221;sortorder&#8221; order_direction=&#8221;ASC&#8221; returns=&#8221;included&#8221; maximum_entity_count=&#8221;500&#8221;] [\/vc_column_text][\/vc_tta_section][vc_tta_section title=&#8221;Uspje\u0161ni studenti&#8221; tab_id=&#8221;1500536603451-59f56ec8-00cb6880-e5c0&#8221;][\/vc_tta_section][vc_tta_section title=&#8221;Za\u0161to upisati&#8221; tab_id=&#8221;1500536612597-d27a4aec-4fbe6880-e5c0&#8221;][vc_column_text]Zanimanje personalni trener relativno je novo u regionu zapadnog Balkana, ali s porastom trenda sedentarnog na\u010dina \u017eivota i ubrzanog ritma \u017eivljenja iza\u0161lo je u prvi plan kroz razli\u010dite oblike fitnes [&hellip;]<\/p>\n","protected":false},"author":1,"featured_media":0,"parent":0,"menu_order":0,"comment_status":"closed","ping_status":"closed","template":"","meta":{"ngg_post_thumbnail":0},"_links":{"self":[{"href":"https:\/\/www.eft.ba\/web\/wp-json\/wp\/v2\/pages\/54795"}],"collection":[{"href":"https:\/\/www.eft.ba\/web\/wp-json\/wp\/v2\/pages"}],"about":[{"href":"https:\/\/www.eft.ba\/web\/wp-json\/wp\/v2\/types\/page"}],"author":[{"embeddable":true,"href":"https:\/\/www.eft.ba\/web\/wp-json\/wp\/v2\/users\/1"}],"replies":[{"embeddable":true,"href":"https:\/\/www.eft.ba\/web\/wp-json\/wp\/v2\/comments?post=54795"}],"version-history":[{"count":12,"href":"https:\/\/www.eft.ba\/web\/wp-json\/wp\/v2\/pages\/54795\/revisions"}],"predecessor-version":[{"id":67607,"href":"https:\/\/www.eft.ba\/web\/wp-json\/wp\/v2\/pages\/54795\/revisions\/67607"}],"wp:attachment":[{"href":"https:\/\/www.eft.ba\/web\/wp-json\/wp\/v2\/media?parent=54795"}],"curies":[{"name":"wp","href":"https:\/\/api.w.org\/{rel}","templated":true}]}}

<div class="wpb-content-wrapper"><p>[vc_row][vc_column][vc_tta_tabs][vc_tta_section title=&#8221;PROMO Letak&#8221; tab_id=&#8221;1500536525714-ccdc3294-daf26880-e5c0&#8221;][vc_single_image image=&#8221;67584&#8221; img_size=&#8221;full&#8221; alignment=&#8221;center&#8221;][/vc_tta_section][vc_tta_section title=&#8221;PROMO Video&#8221; tab_id=&#8221;1500536525777-04985de6-44926880-e5c0&#8221;][vc_column_text]<a href="https://youtu.be/Jd6Aa5a43P4">https://youtu.be/Jd6Aa5a43P4</a>[/vc_column_text][/vc_tta_section][vc_tta_section title=&#8221;PROMO Galerija&#8221; tab_id=&#8221;1500536579721-47119049-aec66880-e5c0&#8221;][vc_column_text]</p>
ngg_shortcode_0_placeholder
<p>[/vc_column_text][/vc_tta_section][vc_tta_section title=&#8221;Uspješni studenti&#8221; tab_id=&#8221;1500536603451-59f56ec8-00cb6880-e5c0&#8221;][/vc_tta_section][vc_tta_section title=&#8221;Zašto upisati&#8221; tab_id=&#8221;1500536612597-d27a4aec-4fbe6880-e5c0&#8221;][vc_column_text]Zanimanje personalni trener relativno je novo u regionu zapadnog Balkana, ali s porastom trenda sedentarnog načina života i ubrzanog ritma življenja izašlo je u prvi plan kroz različite oblike fitnes programa, ali i kroz upravljanje trenažnim procesom u sportskim klubovima.</p>
<p>Studijski program Personalni trener kreiran je da zadovolji najviše standarde u oblasti upravljanja transformacionim procesima, dijagnostike antropološkog statusa pojedinaca i grupa, ali i nutricionizma, što je danas postalo veoma važno svakom pojedincu, a posebno sportskim organizacijama.</p>
<p>Studiranje na ovom studijskom programu je atraktivno prevashodno jer se sva teorijska znanja praktično potkrepljuju, što ovaj studijski program čini zanimljivim studentima koji ga studiraju.</p>
<p>Po završetku studija na Edukacijskom fakultetu, stručnjaci iz oblasti personalnog treninga postaju kvalificirani za praktično utemeljenje procesa vježbanja u svim rekreativnim i profesionalnim sportskim aktivnostima i za vrednovanje kinezioloških učinaka tako programirane tjelovježbe te za dijagnostiku stanja treniranosti vježbača amatera ili profesionalaca te prehranu i suplementaciju u procesu tjelesnog vježbanja.</p>
<p>Zbog hroničnog nedostatka kadrova realne su mogućnosti zapošljavanja u sportskim klubovima, sportsko-dijagnostičkim centrima i laboratorijama, sportsko-rekreativnim i rehabilitacijskim centrima itd.</p>
<p>Prednosti studiranja na Edukacijskom fakultetu:</p>
<ul>
<li>Nastavni proces na Edukacijskom fakultetu provode najugledniji i najpriznatiji bosanskohercegovački i međunarodni znanstvenici!</li>
<li>Profesori i asistenti na Edukacijskom fakultetu dostupni su studentima za konsultacije i pomoć u radu 24 sata tokom svih 7 dana u sedmici.</li>
<li>Studentska služba Edukacijskog fakulteta dostupna je studentima za kontakt i informacije 24 sata tokom svih 7 dana u sedmici.</li>
<li>Nastavni proces na Edukacijskom fakultetu odvija se u moderno dizajniranom i uređenom ambijentu prilagođenom savremenim trendovima studiranja!</li>
<li>Praktična nastava na Edukacijskom fakultetu odvija i u specijaliziranim sportskim kampovima i trening centrima zemlji i inozemstvu!</li>
<li>Nastavni proces na Edukacijskom fakultetu popraćen je najsavremenijom nastavnom opremom i učilima!</li>
<li>&#8211; Nastavu na Edukacijskom fakultetu moguće je pratiti i aktivno sudjelovati putem sistema za učenje na daljinu – Studentskog informacijskog servisa!</li>
<li>Edukacijski fakultet ostvaruje posebne programe i projekte razmjene studenata i nastavnika sa mnogim domaćim i inozemnim fakultetima!</li>
<li>Najboljim učenicima Edukacijski fakultet pruža posebne mogućnosti za ostvarivanje prava na popust pri upisu studija!</li>
</ul>
<p>[/vc_column_text][/vc_tta_section][/vc_tta_tabs][/vc_column][/vc_row]</p>
</div>

<p>[vc_row][vc_column][vc_tta_tabs][vc_tta_section title=&#8221;PROMO Letak&#8221; tab_id=&#8221;1500536525714-ccdc3294-daf26880-e5c0&#8221;][vc_single_image image=&#8221;67584&#8221; img_size=&#8221;full&#8221; alignment=&#8221;center&#8221;][/vc_tta_section][vc_tta_section title=&#8221;PROMO Video&#8221; tab_id=&#8221;1500536525777-04985de6-44926880-e5c0&#8221;][vc_column_text]https://youtu.be/Jd6Aa5a43P4[/vc_column_text][/vc_tta_section][vc_tta_section title=&#8221;PROMO Galerija&#8221; tab_id=&#8221;1500536579721-47119049-aec66880-e5c0&#8221;][vc_column_text] &#8221; template=&#8221;default&#8221; order_by=&#8221;sortorder&#8221; order_direction=&#8221;ASC&#8221; returns=&#8221;included&#8221; maximum_entity_count=&#8221;500&#8221;] [/vc_column_text][/vc_tta_section][vc_tta_section title=&#8221;Uspješni studenti&#8221; tab_id=&#8221;1500536603451-59f56ec8-00cb6880-e5c0&#8221;][/vc_tta_section][vc_tta_section title=&#8221;Zašto upisati&#8221; tab_id=&#8221;1500536612597-d27a4aec-4fbe6880-e5c0&#8221;][vc_column_text]Zanimanje personalni trener relativno je novo u regionu zapadnog Balkana, ali s porastom trenda sedentarnog načina života i ubrzanog ritma življenja izašlo je u prvi plan kroz različite oblike fitnes [&hellip;]</p>
