{"id":39,"date":"2017-06-28T11:26:45","date_gmt":"2017-06-28T11:26:45","guid":{"rendered":"http:\/\/www.eft.ba\/web\/?page_id=39"},"modified":"2023-06-23T10:13:18","modified_gmt":"2023-06-23T10:13:18","slug":"konkursi","status":"publish","type":"page","link":"https:\/\/www.eft.ba\/web\/fakultet\/konkursi\/","title":{"rendered":"Konkursi"},"content":{"rendered":"<h1 class=\"uk-article-title\">Konkursi<\/h1>\n<p><strong><a href=\"https:\/\/www.eft.ba\/web\/wp-content\/uploads\/2023\/06\/Konkurs-EFT-23-24-1.pdf\">KONKURS\/NATJE\u010cAJ za upis studenata na I, II i III ciklus studija na Edukacijski fakultet Univerziteta u Travniku u akademsku 2023\/2024 godinu<\/a><\/strong><\/p>\n<hr>\n<p><strong><a href=\"https:\/\/www.eft.ba\/web\/wp-content\/uploads\/2022\/07\/Konkurs-akademsko-osoblje-juni-2022.pdf\">K O N K U R S za izbor akademskog osoblja u nastavno-nau\u010dna zvanja<\/a><\/strong><\/p>\n<p><strong><a href=\"https:\/\/www.eft.ba\/web\/wp-content\/uploads\/2022\/07\/Konkurs-EFT-22-23.pdf\">KONKURS\/NATJE\u010cAJ za upis studenata na I, II i III ciklus studija na Edukacijski fakultet&nbsp;Univerziteta u Travniku u akademsku 2022\/2023 godinu<\/a><\/strong><\/p>\n<p><strong>ARHIVA<\/strong><\/p>\n<hr>\n<div>\n<p><a href=\"https:\/\/www.eft.ba\/web\/wp-content\/uploads\/2020\/06\/Konkurs-za-upis-EFT.pdf\"><strong>KONKURS\/NATJE\u010cAJ za upis studenata na I, II i III ciklus studija na Edukacijski fakultet&nbsp;<\/strong><\/a><\/p>\n<\/div>\n<div>\n<hr>\n<p><strong><a href=\"https:\/\/www.eft.ba\/web\/wp-content\/uploads\/2017\/06\/konkurs_eft_2017_2018.pdf\">K O N K U R S \/ N A T J E \u010c A J za upis studenata na I, II i III ciklus studija na fakultetima Univerziteta u Travniku u akademsku 2017\/2018 godinu<\/a><\/strong><\/p>\n<hr>\n<p><a href=\"http:\/\/eft.ba\/component\/docstation\/download.raw\/304-konkurs-unt-eft-2016-2017\"><strong>K O N K U R S \/ N A T J E \u010c A J za upis studenata na I, II i III ciklus studija na fakultetima Univerziteta u Travniku u akademsku 2016\/2017 godinu<\/strong><\/a><\/p>\n<hr>\n<p><a href=\"http:\/\/eft.ba\/docstation\/com_content.article\/266\/konkurs_eft_2015_2016_final.pdf\"><strong>K O N K U R S \/ N A T J E \u010c A J za upis studenata na I, II i III ciklus studija na fakultetima Univerziteta u Travniku&nbsp;u akademsku 2015\/2016 godinu<\/strong><\/a><\/p>\n<hr>\n<p><a href=\"http:\/\/eft.ba\/component\/docstation\/download.raw\/371-konkurs-knjizevnost\" target=\"_blank\" rel=\"noopener\"><strong>K O N K U R S za izbor u nastavni\u010dka i saradni\u010dka zvanja&nbsp;&#8211; Knji\u017eevnost<\/strong><\/a><\/p>\n<hr>\n<p><a href=\"http:\/\/eft.ba\/component\/docstation\/download.raw\/254-konkursmedicina\" target=\"_blank\" rel=\"noopener\"><strong>K O N K U R S za izbor u nastavni\u010dka i saradni\u010dka zvanja<\/strong> &#8211; Medicina<\/a><\/p>\n<hr>\n<p><a href=\"http:\/\/eft.ba\/component\/docstation\/download\/251-konkurs-fiziologija\"><strong>K O N K U R S za izbor u nastavni\u010dka i saradni\u010dka zvanja&nbsp;&#8211;&nbsp;<\/strong>Fiziologija<\/a><\/p>\n<hr>\n<p><a href=\"http:\/\/eft.ba\/component\/docstation\/download.raw\/191-konkurs-pravni-osnov-upotrebe-sile\" target=\"_blank\" rel=\"noopener\"><strong>K O N K U R S za izbor u nastavni\u010dka i saradni\u010dka zvanja<\/strong>&nbsp;&#8211;&nbsp;Pravni osnov upotrebe sile<\/a><\/p>\n<hr>\n<p><a href=\"http:\/\/eft.ba\/component\/docstation\/download.raw\/167-konkurs-borilacki-sportovi\" target=\"_blank\" rel=\"noopener\"><strong>K O N K U R S za izbor u nastavni\u010dka i saradni\u010dka zvanja &#8211; <\/strong>Borila\u010dki sportovi<\/a><\/p>\n<hr>\n<p><a href=\"http:\/\/eft.ba\/component\/docstation\/download.raw\/134-konkurs-izbor-u-zvanja-oktobar-2015\" target=\"_blank\" rel=\"noopener\"><strong>K O N K U R S za izbor u nastavni\u010dka i saradni\u010dka zvanja&nbsp;&#8211;&nbsp;<\/strong>Organizacija i upravljanje u sportu, Sportske igre<\/a><\/p>\n<hr>\n<p><a href=\"http:\/\/eft.ba\/component\/docstation\/download.raw\/335-konkurs30032016\" target=\"_blank\" rel=\"noopener\"><strong>K O N K U R S za izbor u nastavni\u010dka i saradni\u010dka zvanja<\/strong> &#8211; Sportske igre, Metodika nastave tjelesnog i zdravstvenog odgoja, Skijanje<\/a><\/p>\n<\/div>\n","protected":false},"excerpt":{"rendered":"<p>Konkursi KONKURS\/NATJE\u010cAJ za upis studenata na I, II i III ciklus studija na Edukacijski fakultet Univerziteta u Travniku u akademsku 2023\/2024 godinu K O N K U R S za izbor akademskog osoblja u nastavno-nau\u010dna zvanja KONKURS\/NATJE\u010cAJ za upis studenata na I, II i III ciklus studija na Edukacijski fakultet&nbsp;Univerziteta u Travniku u akademsku 2022\/2023 [&hellip;]<\/p>\n","protected":false},"author":1,"featured_media":0,"parent":15,"menu_order":0,"comment_status":"closed","ping_status":"closed","template":"","meta":{"ngg_post_thumbnail":0},"_links":{"self":[{"href":"https:\/\/www.eft.ba\/web\/wp-json\/wp\/v2\/pages\/39"}],"collection":[{"href":"https:\/\/www.eft.ba\/web\/wp-json\/wp\/v2\/pages"}],"about":[{"href":"https:\/\/www.eft.ba\/web\/wp-json\/wp\/v2\/types\/page"}],"author":[{"embeddable":true,"href":"https:\/\/www.eft.ba\/web\/wp-json\/wp\/v2\/users\/1"}],"replies":[{"embeddable":true,"href":"https:\/\/www.eft.ba\/web\/wp-json\/wp\/v2\/comments?post=39"}],"version-history":[{"count":9,"href":"https:\/\/www.eft.ba\/web\/wp-json\/wp\/v2\/pages\/39\/revisions"}],"predecessor-version":[{"id":68736,"href":"https:\/\/www.eft.ba\/web\/wp-json\/wp\/v2\/pages\/39\/revisions\/68736"}],"up":[{"embeddable":true,"href":"https:\/\/www.eft.ba\/web\/wp-json\/wp\/v2\/pages\/15"}],"wp:attachment":[{"href":"https:\/\/www.eft.ba\/web\/wp-json\/wp\/v2\/media?parent=39"}],"curies":[{"name":"wp","href":"https:\/\/api.w.org\/{rel}","templated":true}]}}