{"id":31,"date":"2017-06-28T11:24:35","date_gmt":"2017-06-28T11:24:35","guid":{"rendered":"http:\/\/www.eft.ba\/web\/?page_id=31"},"modified":"2018-06-07T11:14:51","modified_gmt":"2018-06-07T11:14:51","slug":"fakultet-u-medijima","status":"publish","type":"page","link":"https:\/\/www.eft.ba\/web\/fakultet\/fakultet-u-medijima\/","title":{"rendered":"Fakultet u medijima"},"content":{"rendered":"<div class=\"slika_prica_2\">\n<p>Fakultet u medijima<\/p>\n<ul>\n<li><a href=\"http:\/\/www.dnevnik.ba\/dogadaji\/u-travniku-sutra-olympic-day-2018\">U Travniku sutra &#8216;Olympic day 2018&#8217; &#8211;&nbsp;dnevnik.ba<\/a><\/li>\n<li><a href=\"https:\/\/www.bug.ba\/olympic-day-2018-u-travniku.html\">Olympic day 2018 u Travniku &#8211; bug.ba<\/a><\/li>\n<li><a href=\"https:\/\/sportsport.ba\/ostali-sportovi\/olympic-day-2018-sutra-u-travniku\/278147\">&#8220;Olympic day 2018&#8221; sutra u Travniku &#8211;&nbsp;sportsport.ba<\/a><\/li>\n<li><a href=\"http:\/\/grafx.ba\/index.php\/2012-09-24-12-46-49\/najave\/1322-najavljujemo-olympic-day-2018-u-travniku\">Najavljujemo: \u201eOLYMPIC DAY 2018\u201c u Travniku &#8211; grafx.ba<\/a><\/li>\n<li><a href=\"http:\/\/tntportal.ba\/2018\/05\/video-olympic-day-2018-u-travniku-ovog-utorka\/\"> Olympic day 2018. u Travniku ovog utorka &#8211;&nbsp;tntportal.ba&nbsp;<\/a><\/li>\n<li><a href=\"https:\/\/fts.ba\/nova\/odrzana-konferencija-povodom-odrzavanja-olympic-day-a\/\">Odr\u017eana konferencija povodom odr\u017eavanja Olympic Day-a &#8211; fts.ba<\/a><\/li>\n<li><a href=\"http:\/\/www.grafx.ba\/index.php\/teme\/aktuelnosti\/1323-olympic-day-dan-olimpijskih-vrijednosti-i-sportova\">Odr\u017eana press konferencija povodom manifestacije OLYMPIC DAY &#8211; grafx.ba<\/a><\/li>\n<li><a href=\"http:\/\/www.travnik.ba\/sutra-u-travniku-400-osnovnoskolaca-se-druzi-sa-larisom-ceric-i-drugim-olimpijcima\/amp\/\">Sutra u Travniku: 400 osnovno\u0161kolaca se dru\u017ei sa Larisom Ceri\u0107 i drugim olimpijcima &#8211;&nbsp;travnik.ba<\/a><\/li>\n<li><a href=\"https:\/\/travnicki.info\/sutra-u-travniku-400-osnovnoskolaca-se-druzi-sa-larisom-ceric-i-drugim-olimpijcima\/\">Sutra u Travniku: 400 osnovno\u0161kolaca se dru\u017ei sa Larisom Ceri\u0107 i drugim olimpijcima &#8211;&nbsp;travnicki.info<\/a><\/li>\n<li><a href=\"http:\/\/plavavoda.com\/2018\/05\/24\/olympic-day-2018-u-travniku\/\">Olympic day 2018 u Travniku &#8211;&nbsp;plavavoda.com<\/a><\/li>\n<li><a href=\"http:\/\/plavavoda.com\/2018\/05\/29\/ocekuje-se-400-mladih-sportisa-i-10-bh-olimpijaca-na-manifestaciji-olimpic-day\/\">O\u010dekuje se 400 mladih sportisa i 10 bh. olimpijaca na manifestaciji Olimpic day &#8211; plavavoda.com<\/a><\/li>\n<li><a href=\"http:\/\/www.hronika.ba\/magazin\/olympic-day-u-travniku.html\">Olympic day u Travniku &#8211; hronika.ba<\/a><\/li>\n<li><a href=\"http:\/\/informativa.ba\/2018\/05\/29\/odrzana-manifestacija-olympic-day-2018\">Odr\u017eana manifestacija &#8220;Olympic Day 2018&#8221; &#8211; informativa.ba<\/a><\/li>\n<li><a href=\"https:\/\/sport.avaz.ba\/ostali-sportovi\/383033\/vise-od-400-osnovaca-uzivalo-u-sportskim-takmicenjima-i-druzenju\">Vi\u0161e od 400 osnovaca u\u017eivalo u sportskim takmi\u010denjima i dru\u017eenju &#8211; avaz.ba<\/a><\/li>\n<li><a href=\"https:\/\/www.klix.ba\/sport\/u-travniku-odrzan-olympic-day-2018\/180529114\">U Travniku odr\u017ean Olympic Day 2018 &#8211; klix.ba<\/a><\/li>\n<li><a href=\"https:\/\/www.youtube.com\/watch?v=Z7rEmbR1Kv8\">Odr\u017ean Olympic day u Travniku &#8211; Kanal 6<\/a><\/li>\n<li><a href=\"http:\/\/travnik-grad.info\/olympic-day-2018-u-travniku\/\">Olympic day 2018 u Travniku &#8211;&nbsp;travnik-grad.info<\/a><\/li>\n<li><a href=\"https:\/\/sportsport.ba\/magazin\/odrzan-olympic-day-2018\/278302\">Odr\u017ean \u201cOlympic Day 2018\u201d &#8211;&nbsp;sportsport.ba<\/a><\/li>\n<li><a href=\"http:\/\/www.dan.ba\/29\/05\/2018\/travnik-malisani-se-druzili-sa-larisom-ceric-i-drugim-olimpijcima\/\">Travnik: Mali\u0161ani se dru\u017eili sa Larisom Ceri\u0107 i drugim olimpijcima &#8211; dan.ba<\/a><\/li>\n<li><a href=\"http:\/\/www.hronika.ba\/magazin\/odrzan-olympic-day-2018.html\">Odr\u017ean Olympic Day 2018 &#8211; hornika.ba<\/a><\/li>\n<li><a href=\"http:\/\/radiodonjivakuf.com.ba\/olympic-day-2018-u-travniku\/\">Olympic day 2018. u Travniku &#8211;&nbsp;radiodonjivakuf.com.ba<\/a><\/li>\n<li><a href=\"http:\/\/fena.ba\/article\/1021691\/manifestacija-olympic-day-okupila-travnicke-osnovce-i-istaknute-bh-sportase\">Manifestacija &#8216;Olympic day&#8217; okupila travni\u010dke osnovce i istaknute bh. sporta\u0161e &#8211; fena.ba<\/a><\/li>\n<li><a href=\"http:\/\/www.federalna.ba\/bhs\/vijest\/239384\/olympic-day\">Natjecanje travni\u010dkih osnovaca i istaknutih bh. sporta\u0161a &#8211; federalna.ba<\/a><\/li>\n<li><a href=\"http:\/\/plavavoda.com\/2018\/05\/30\/preko-400-osnovaca-uzivalo-na-manifestaciji-olimpic-day-2018\/\">Preko 400 osnovaca u\u017eivalo na manifestaciji \u201cOlimpic day 2018\u201d &#8211; plavavoda.com<\/a><\/li>\n<li><a href=\"https:\/\/bih.time.mk\/c\/b431412e18\/\">U Travniku odr\u017ean Olympic Day 2018 &#8211;&nbsp;bih.time.mk&nbsp;<\/a><\/li>\n<li><a href=\"https:\/\/www.bug.ba\/u-travniku-odrzan-olympic-day-2018.html\">U Travniku odr\u017ean Olympic Day 2018 &#8211; bug.ba<\/a><\/li>\n<li><a href=\"http:\/\/www.travnicki.info\/istinski-olimpijski-dan-u-travniku-malisani-se-druzili-sa-larisom-ceric-i-drugim-olimpijcima\/\">Istinski Olimpijski dan u Travniku: Mali\u0161ani se dru\u017eili sa Larisom Ceri\u0107 i drugim olimpijcima &#8211; travnicki.info<\/a><\/li>\n<li><a href=\"http:\/\/tntportal.ba\/2018\/05\/u-travniku-odrzan-olympic-day-2018\/\">U Travniku odr\u017ean \u201cOlympic Day 2018\u201d &#8211; tntportal.ba<\/a><\/li>\n<li><a href=\"http:\/\/dolinalasve.info\/2018\/05\/u-travniku-odrzan-olympic-day-2018\/\">U Travniku odr\u017ean \u201cOlympic Day 2018\u201d &#8211;&nbsp;dolinalasve.info<\/a><\/li>\n<li><a href=\"http:\/\/www.grafx.ba\/index.php\/teme\/aktuelnosti\/1315-olympic-day-2018-u-organizaciji-edukacijskog-fakulteta-i-olimpijskog-komiteta-bih\">\u201eOlympic day 2018\u201c u organizaciji Edukacijskog fakulteta i Olimpijskog komiteta BiH &#8211; grafx.ba<\/a><\/li>\n<li><a href=\"http:\/\/informativa.ba\/2018\/05\/29\/odrzana-manifestacija-olympic-day-2018\">Odr\u017eana manifestacija &#8220;Olympic Day 2018&#8221; &#8211; informativa.ba<\/a><\/li>\n<li><a href=\"https:\/\/drukciji.ba\/2018\/05\/30\/u-travniku-odrzan-olympic-day-2018\/\">U Travniku odr\u017ean \u201cOlympic Day 2018\u201d &#8211; drukciji.ba<\/a><\/li>\n<li><a href=\"http:\/\/www.eft.ba\/web\/2018\/05\/29\/odrzan-olympic-day-2018\/\">Odr\u017ean \u201cOlympic Day 2018\u201d &#8211; eft.ba<\/a><\/li>\n<li><a href=\"http:\/\/www.eft.ba\/web\/2018\/05\/26\/olimpijci-bih-i-olimpijski-duh-29-05-2018-u-travniku\/\">Olimpijci BiH i olimpijski duh 29.05.2018. u Travniku! &#8211; eft.ba<\/a><\/li>\n<li><a href=\"http:\/\/www.eft.ba\/web\/2018\/05\/28\/odrzana-konferencija-povodom-odrzavanja-olympic-day-a\/\">Odr\u017eana konferencija povodom odr\u017eavanja Olympic Day-a &#8211; eft.ba<\/a><\/li>\n<li><a href=\"http:\/\/grafx.ba\/index.php\/teme\/aktuelnosti\/1324-ambasadorica-republike-bugarske-u-posjeti-travniku-i-univerzitetu\">Ambasadorica Republike Bugarske u posjeti Univerzitetu u Travniku &#8211; grafx.ba<\/a><\/li>\n<li><a href=\"https:\/\/www.bug.ba\/bugarska-ambasadorica-posjetila-sbk.html\">Bugarska ambasadorica posjetila SBK: Na\u0161a budu\u0107nost je zajedni\u010dka budu\u0107nost u EU &#8211; bug.ba<\/a><\/li>\n<li><a href=\"http:\/\/novum.ba\/vijest.php?id=24379\">Ambasadorica Republike Bugarske u BiH sutra u Travniku u slu\u017ebenoj posjeti &#8211; novum.ba<\/a><\/li>\n<li><a href=\"http:\/\/travnik-grad.info\/bugarska-ambasadorica-posjetila-opcinu-travnik-i-srednjobosanski-kanton\/\">Bugarska ambasadorica posjetila Op\u0107inu Travnik i Srednjobosanski kanton &#8211; travnik-grad.info<\/a><\/li>\n<li><a href=\"http:\/\/www.hronika.ba\/srednja-bosna\/posjeta-delegacije-ambasade-republike-bugarske.html\">Posjeta delegacije ambasade Republike Bugarske &#8211; hronika.ba<\/a><\/li>\n<li><a href=\"http:\/\/tntportal.ba\/2017\/09\/edukacijski-fakultet-ima-zlatnog-kosarkasa\/\">Edukacijski fakultet ima zlatnog ko\u0161arka\u0161a &#8211; tntportal.ba<\/a><\/li>\n<li><a href=\"https:\/\/www.travnicki.info\/na-edukacijskom-fakultetu-odrzan-okrugli-stol-zasto-volontirati-video\/\">Na Edukacijskom fakultetu odr\u017ean okrugli stol \u201dZa\u0161to volontirati? &#8211;&nbsp;travnicki.info<\/a><\/li>\n<li><a href=\"https:\/\/www.travnicki.info\/na-edukacijskom-fakultetu-u-travniku-odrzana-konferencija-u-sklopu-projekta-teacher-fotovideo\/\">Na Edukacijskom fakultetu u Travniku odr\u017eana konferencija u sklopu projekta TEACHER &#8211;&nbsp;travnicki.info<\/a><\/li>\n<li><a href=\"https:\/\/www.travnicki.info\/u-cetvrtak-petak-na-edukacijskom-fakultetu-uvodna-konferencija-u-sklopu-projekta-teacher-fotovideo\/\">U \u010detvrtak i petak na Edukacijskom fakultetu uvodna konferencija u sklopu projekta TEACHER &#8211;&nbsp;travnicki.info<\/a><\/li>\n<li><a href=\"https:\/\/www.travnicki.info\/univerzitet-u-travniku-domacin-monitoring-posjete-u-okviru-projekta-inclusions\/\">Univerzitet u Travniku doma\u0107in monitoring posjete u okviru projekta\u201dInclusions&#8221; &#8211; travnicki.info<\/a><\/li>\n<li><a href=\"https:\/\/www.travnicki.info\/ucenici-srednjih-skola-sa-podrucja-travnika-na-forumu-vrsnjacko-nasilje-nije-moj-izbor-foto\/\">U\u010denici srednjih \u0161kola sa podru\u010dja Travnika na forumu \u201dVr\u0161nja\u010dko nasilje nije moj izbor\u201d &#8211; travnicki.info<\/a><\/li>\n<li><a href=\"https:\/\/www.travnicki.info\/danas-sportske-aktivnosti-na-edukacijskom-fakultetu-u-osnovnoj-skoli-travnik-foto\/\">Danas sportske aktivnosti na Edukacijskom fakultetu i u Osnovnoj \u0161koli \u201dTravnik\u201d &#8211; travnicki.info&nbsp;<\/a><\/li>\n<li><a href=\"https:\/\/www.travnicki.info\/edukacijski-fakultet-domacin-prvog-kick-off-sastanka-u-okviru-programa-erasmus-teacher\/\">Edukacijski fakultet doma\u0107in prvog kickoff sastanka u okviru programa ERASMUS+ i Teacher &#8211; travnicki.info<\/a><\/li>\n<li><a href=\"https:\/\/www.travnicki.info\/od-oblacenja-pancerica-samostalnog-spustanja-studenti-edukacijskog-fakulteta-odrzali-prakticnu-nastavu-iz-skijanja-na-vlasicu-video\/\">Od obla\u010denja pancerica do samostalnog spu\u0161tanja: Studenti Edukacijskog fakulteta odr\u017eali prakti\u010dnu nastavu iz skijanja na Vla\u0161i\u0107u -travnicki.info<\/a><\/li>\n<li><a href=\"http:\/\/www.grafx.ba\/~grafxba\/index.php\/teme\/aktuelnosti\/958-eft-dao-podrsku-rukometnom-kampu-2018\">Edukacijski fakultet Univerziteta u Travniku dao podr\u0161ku Rukometnom kampu 2017 &#8211; grafx.ba<\/a><\/li>\n<li><a href=\"http:\/\/www.travnicki.info\/edukacijski-fakultet-domacin-prvog-kick-off-sastanka-glavni-nosilac-projekta-iz-bosne-hercegovine-u-okviru-programa-erasmus-projekta-teacher\/\">Edukacijski fakultet doma\u0107in prvog Kick\u2013Off sastanka i glavni nosilac projekta iz Bosne i Hercegovine u okviru programa ERASMUS+ i projekta \u201eTeacher&#8221; &#8211;&nbsp;travnicki.info<\/a><\/li>\n<li><a href=\"https:\/\/www.travnicki.info\/videofoto-andricevi-dani-2017-prica-pisac-citalac\/\">Andri\u0107evi dani 2017: Pri\u010da, pisac, \u010ditalac\u2026 &#8211; travnicki.info<\/a><\/li>\n<li><a href=\"https:\/\/www.travnicki.info\/foto-projekt-inclusion-je-jedna-dobra-inicijativa\/\">Projekt Inclusion je jedna dobra inicijativa &#8211; travnicki.info<\/a><\/li>\n<li><a href=\"http:\/\/tntportal.ba\/2018\/05\/video-travnik-u-okviru-erasmus-projekta-inclusion-odrzana-je-dvodnevna-konferencija-diseminacije\/\">TRAVNIK : U okviru Erasmus+ projekta Inclusion odr\u017eana je dvodnevna konferencija diseminacije &#8211; tntportal.ba<\/a><\/li>\n<li><a href=\"https:\/\/www.travnicki.info\/bih-zemlja-s-najnizim-postotkom-djece-u-predskolskom-obrazovanju\/\">BiH zemlja s najni\u017eim postotkom djece u pred\u0161kolskom obrazovanju &#8211; travnicki.info<\/a><\/li>\n<li><a href=\"http:\/\/www.travnicki.info\/videofoto-delegacije-ceske-evropskog-pokreta-posjetile-univerzitet-u-travniku\/\">Delegacija \u010ce\u0161ke i Evropskog pokreta posjetile Univerzitet u Travniku &#8211; travnicki.info<\/a><\/li>\n<li><a href=\"http:\/\/travnik-grad.info\/otvorene-prostorije-evropskog-pokreta-bih-u-travniku\/\">Otvorene prostorije Evropskog pokreta BiH u Travniku &#8211; travnik-grad.info<\/a><\/li>\n<li><a href=\"http:\/\/www.dan.ba\/14\/09\/2017\/videofoto-delegacije-ceske-evropskog-pokreta-posjetile-univerzitet-u-travniku\/\">Delegacija \u010ce\u0161ke i Evropskog pokreta posjetile Univerzitet u Travniku &#8211; dan.ba<\/a><\/li>\n<li><a href=\"https:\/\/www.facebook.com\/Kanal6HD\/videos\/1366645640121546\/\">U Travniku otvoren ured Evropskog pokreta &#8211; Kanal 6<\/a><\/li>\n<li><a href=\"http:\/\/tntportal.ba\/2017\/09\/na-univerzitetu-u-travniku-otvoren-ured-evropskog-pokreta-u-bih\/\">Na Univerzitetu u Travniku otvoren ured Evropskog pokreta u BiH &#8211; tntportal.ba<\/a><\/li>\n<li><a href=\"http:\/\/www.travnicki.info\/videofoto-promocija-diplomanata-magistranata-edukacijskog-fakulteta-za-tehnicke-studije-univerziteta-u-travniku\/\">Promocija diplomanata i magistranata Edukacijskog i Fakulteta za Tehni\u010dke studije&nbsp;Univerziteta u Travniku &#8211;&nbsp;travnicki.info<\/a><\/li>\n<li><a href=\"http:\/\/tntportal.ba\/2017\/07\/univerzitet-u-travniku-promocija-diplomanata-i-magistranata-edukacijskog-i-fakulteta-za-tehnicke-studije-foto\/\">Univerzitet u Travniku: Promocija diplomanata i magistranata Edukacijskog i Fakulteta za Tehni\u010dke studije &#8211; tntportal.ba<\/a><\/li>\n<li><a href=\"http:\/\/travnik-grad.info\/urucena-zahvalnica-autoru-plakata-eminu-pihuri\/\">Uru\u010dena zahvalnica autoru plakata Eminu Pihuri &#8211; travnik-grad.info&nbsp;<\/a><\/li>\n<li><a href=\"https:\/\/www.visocka.ba\/odrzana-promocija-novih-diplomanata-i-magistranata-u-travniku\/\">Odr\u017eana promocija novih diplomanata i magistranata u Travniku &#8211; visocka.ba<\/a><\/li>\n<li><a href=\"http:\/\/www.eft.ba\/images\/eftfts.pdf\">\u201cTravnik u bojama mladosti\u201d &#8211;&nbsp;Informativni \u010dasopis STUDENT<\/a><\/li>\n<li><a href=\"https:\/\/www.youtube.com\/watch?v=LKYJKmC-1ac\">Studentima predstavljeni zahtejvi tr\u017ei\u0161ta rada \u2013 <em>youtube<\/em><\/a><\/li>\n<li><a href=\"http:\/\/www.travnicki.info\/na-fakultetu-za-tehnicke-studije-razgovarano-o-odnosu-poslodavac-student-video\/\">Na Fakultetu za tehni\u010dke studije razgovarano o odnosu poslodavac \u2013 student (VIDEO) &#8211; travnicki.info<\/a><\/li>\n<li><a href=\"http:\/\/novum.ba\/vijest.php?id=22556\">Odr\u017eana panel diskusija &#8216;Poslodavac- student&#8217; na Fakultetu za tehni\u010dke studije &#8211; novum.ba<\/a><\/li>\n<li><a href=\"https:\/\/www.youtube.com\/watch?v=Nj0v_l2KPOQ\">Panel-diskusija na Fakultetu za tehni\u010dke studije \u2013 youtube<\/a><\/li>\n<li><a href=\"http:\/\/travnicki.info\/gradani-prezadovoljni-uvodnim-desavanjima-u-sklopu-dana-opcine-travnik-video\">Gra\u0111ani prezadovoljni uvodnim de\u0161avanjima u sklopu Dana op\u0107ine Travnik (VIDEO) &#8211; travnicki.info<\/a><\/li>\n<li><a href=\"http:\/\/radiokameleon.ba\/2017\/05\/21\/foto-u-tuzli-najavljen-drugi-naucno-istrazivacki-kamp-za-mlade-nik-ii\/\">U Tuzli najavljen drugi \u201eNau\u010dno-istra\u017eiva\u010dki kamp za mlade \u2013 NIK II\u201c &#8211; &nbsp;radiokameleon.ba<\/a><\/li>\n<li><a href=\"https:\/\/www.lukavacki.ba\/nik-ii-zavrsen-drugi-naucno-istrazivacki-kamp-za-mlade\/\">NIK II: Zavr\u0161en drugi nau\u010dno-istra\u017eiva\u010dki kamp za mlade &#8211; lukavacki.ba<\/a><\/li>\n<li><a href=\"http:\/\/www.srebrenik.net\/aktuelno\/u-lukavcu-je-danas-svecano-otvoren-naucno-istrazivacki-kamp-za-mlade-nik-ii\/\">U Lukavcu je danas sve\u010dano otvoren Nau\u010dno-istra\u017eiva\u010dki kamp za mlade-NIK II &#8211; srebrenik.net<\/a><\/li>\n<li><a href=\"http:\/\/travnik-grad.info\/svecani-sat-za-brucose-na-edukacijskom-fakultetu-za-tehnicke-studije\/\">Sve\u010dani sat za bruco\u0161e na Edukacijskom i Fakultetu za tehni\u010dke studije &#8211; travnik-grad.info\/<\/a><\/li>\n<li><a href=\"https:\/\/www.youtube.com\/watch?v=LKY_oB6kmPY\">Delegacija \u010ce\u0161ke Republike i Evropski pokret u posjeti Univerzitetu u Travniku \u2013 youtube <\/a><\/li>\n<li><a href=\"https:\/\/www.travnicki.info\/videofoto-delegacije-ceske-evropskog-pokreta-posjetile-univerzitet-u-travniku\/\">VIDEO\/FOTO: Delegacija \u010ce\u0161ke i Evropskog pokreta posjetile Univerzitet u Travniku &#8211; travnicki.info<\/a><\/li>\n<li><a href=\"https:\/\/www.youtube.com\/watch?v=eAXUqFLbXCo\">Dan i mjeseci Evrope u BiH 2017 \u2013 youtube<\/a><\/li>\n<li><a href=\"http:\/\/grafx.ba\/index.php\/teme\/aktuelnosti\/1219-uspjesno-realizirana-zimska-akademija-2018\">Uspje\u0161no realizirana Zimska akademija 2018 &#8211; grafx.ba<\/a><\/li>\n<li><a href=\"http:\/\/www.travnicki.info\/video-u-travniku-odrzan-poslovni-forum-svecana-akademija-vrijeme-je-za-europu\/\">VIDEO: U Travniku odr\u017ean poslovni forum i sve\u010dana akademija \u201eVrijeme je za Europu\u201c &#8211; travnicki.info<\/a><\/li>\n<li><a href=\"http:\/\/www.travnicki.info\/video-u-travniku-odrzan-poslovni-forum-svecana-akademija-vrijeme-je-za-europu\/\">Na Univerzitetu u Travniku otvoren ured Evropskog pokreta u BiH &#8211; tntportal.ba <\/a><\/li>\n<li><a href=\"http:\/\/tntportal.ba\/2017\/10\/nihadu-selimovicu-uruceno-priznanje-za-najboljeg-poduzetnika-u-sportu-u-bih\/\">Nihadu Selimovi\u0107u uru\u010deno priznanje za najboljeg poduzetnika u sportu u BiH&nbsp; &#8211; tntportal.ba<\/a><\/li>\n<li><a href=\"http:\/\/tntportal.ba\/2017\/10\/travnik-domacin-foruma-za-poslovno-lobiranje-foto-i-video\/\">Travnik doma\u0107in Foruma za poslovno lobiranje (FOTO i VIDEO) \u2013 tntportal.ba<\/a><\/li>\n<li><a href=\"https:\/\/msstravnik.net\/index.php\/aktuelno\/posjeta-kluba-matematicara\/\">Posjeta Kluba matemati\u010dara MS\u0160 \u201cTravnik\u201d &#8211; msstravnik.net<\/a><\/li>\n<li><a href=\"http:\/\/novum.ba\/vijest.php?id=22507\">&#8216;U svijetu ilustracije i karakter dizajna&#8217;-Gostuju\u0107e predavanje bra\u0107e Durmi\u0161evi\u0107 &#8211; novum.ba<\/a><\/li>\n<li><a href=\"http:\/\/www.kkspars.com\/novosti\/novosti\/1466-spars-ima-podr%C5%A1ka-i-od-fakulteta-za-tehni%C4%8Dke-studije\">SPARS \u2013 ima podr\u0161ku i od Fakulteta za tehni\u010dke studije &#8211; kkspars.com<\/a><\/li>\n<li><a href=\"http:\/\/travnik-grad.info\/promovisani-diplomanti-magistranti-edukacijskog-fakulteta-za-tehnicke-studije\/\">Promocija diplomanata i magistranata 2017. &#8211; travnik-grad.info<\/a><\/li>\n<li><a href=\"http:\/\/www.eminbih.com\/index.php?option=com_content&amp;view=article&amp;id=3495:video-otvoren-ured-evropskog-pokreta-u-travniku&amp;catid=56:zadnje&amp;Itemid=290\">VIDEO: Otvoren ured Evropskog pokreta u Travniku &#8211; eminbih.com <\/a><\/li>\n<li><a href=\"http:\/\/www.hronika.ba\/srednja-bosna\/sbk\/ambasador-skalink-u-sbk.html\">Ambasador Skalink u SBK \u2013 hronika.ba<\/a><\/li>\n<li><a href=\"https:\/\/www.youtube.com\/watch?v=Vg-Y4WamJeo\">Projekti studenata EFT a i FTS a povodom Dana op\u0107ine Travnik \u2013 youtube, kanal6<\/a><\/li>\n<li><a href=\"http:\/\/radiosarajevo.ba\/novost\/179622\/general-christopher-j-petty-nadam-se-da-ce-nato-ove-godine-aktivirati-map-za-bih\">General Christopher J. Petty: Nadam se da \u0107e NATO ove godine aktivirati MAP za BiH \u2013 radiosarajevo.ba<\/a><\/li>\n<li><a href=\"http:\/\/www.avaz.ba\/clanak\/179008\/izlozba-slavimo-olimpizam-predstavljena-i-u-travniku?url=clanak\/179008\/izlozba-slavimo-olimpizam-predstavljena-i-u-travniku\">Izlo\u017eba \u201cSlavimo olimpizam\u201d predstavljena i u Travniku \u2013 Dnevni avaz<\/a><\/li>\n<li><a href=\"http:\/\/muzejtravnik.ba\/izloba-studentskih-radova-qnova-stvarnost-nae-mateq\/\">IZLO\u017dBA STUDENTSKIH RADOVA \u201cNOVA STVARNOST NA\u0160E MA\u0160TE\u201d MUZEJTRAVNIK.BA<\/a><\/li>\n<li><a href=\"https:\/\/www.youtube.com\/watch?v=nggvc--43dA\">Interkulturalno dru\u017eenje Edukacijski fakultet i Fakulteta za tehni\u010dke studije u Travnik \u2013 youtube<\/a><\/li>\n<li><a href=\"https:\/\/www.youtube.com\/watch?v=oMOJhxjUprU\">Miroslav \u0106iro Bla\u017eevi\u0107 na Edukacijskom fakultetu u Travniku \u2013 youtube<\/a><\/li>\n<li><a href=\"https:\/\/www.youtube.com\/watch?v=git5ovd-9Zg\">Takmicenje studenata \u2013 Edukacijski fakultet Travnik \u2013 youtube<\/a><\/li>\n<li><a href=\"http:\/\/plavavoda.com\/2018\/05\/21\/edukacijski-fakultet-travnik-je-opredjeljen-za-izvrsnost\/\">Edukacijski fakultet Travnik je opredjeljen za izvrsnost! &#8211;&nbsp;plavavoda.com<\/a><\/li>\n<li><a href=\"https:\/\/www.youtube.com\/watch?v=HwSwRjAzKno\">Edukacijski fakultet Travnik Uvodno predavanje \u2013 youtube<\/a><\/li>\n<li><a href=\"https:\/\/www.youtube.com\/watch?v=K3IDzIvAAxI\">Edukacijski fakultet \u2013 InSSED seminar \u2013 youtube; DAN, KIS, kanal 6<\/a><\/li>\n<li><a href=\"https:\/\/www.youtube.com\/watch?v=xePDct8jrhg\">VIDEO: Aktivnosti Edukacijskog i Fakulteta za tehni\u010dke studije dani opcine Travnik \u2013 kanal 6<\/a><\/li>\n<li><a href=\"http:\/\/translate.google.ba\/translate?hl=hr&amp;sl=sr&amp;u=http:\/\/www.travnicki.info\/en\/2015-05-22-22-16-50\/opcina-travnik\/fotogalerija-edukacijski-fakultet-i-fakultet-za-tehnicke-studije-urucili-pomoc-na-podrucju-opcine&amp;prev=search\">FOTOGALERIJA: Edukacijski fakultet i Fakultet za tehni\u010dke studije Travnik uru\u010dili pomo\u0107 na podru\u010dju op\u0107ine \u2013 travnicki.info<\/a><\/li>\n<li><a href=\"http:\/\/www.grafx.ba\/index.php\/teme\/intervju\/281-intervju-sa-komandantom-nato-staba-za-bih-brigadni-general-christopher-petty\">Intervju s generalom Christopher J. Petty \u2013 casopis GRAFIX<\/a><\/li>\n<li><a href=\"http:\/\/tntportal.ba\/2016\/05\/univerzitetu-u-travniku-uruceno-rjesenje-o-akreditaciji-visokoskolske-ustanove\/\">Univerzitetu u Travniku uru\u010deno Rje\u0161enje o akreditaciji visoko\u0161kolske ustanove &#8211; tntportal.ba<\/a><\/li>\n<\/ul>\n<\/div>\n","protected":false},"excerpt":{"rendered":"<p>Fakultet u medijima U Travniku sutra &#8216;Olympic day 2018&#8217; &#8211;&nbsp;dnevnik.ba Olympic day 2018 u Travniku &#8211; bug.ba &#8220;Olympic day 2018&#8221; sutra u Travniku &#8211;&nbsp;sportsport.ba Najavljujemo: \u201eOLYMPIC DAY 2018\u201c u Travniku &#8211; grafx.ba Olympic day 2018. u Travniku ovog utorka &#8211;&nbsp;tntportal.ba&nbsp; Odr\u017eana konferencija povodom odr\u017eavanja Olympic Day-a &#8211; fts.ba Odr\u017eana press konferencija povodom manifestacije OLYMPIC DAY [&hellip;]<\/p>\n","protected":false},"author":1,"featured_media":0,"parent":15,"menu_order":0,"comment_status":"closed","ping_status":"closed","template":"","meta":{"ngg_post_thumbnail":0},"_links":{"self":[{"href":"https:\/\/www.eft.ba\/web\/wp-json\/wp\/v2\/pages\/31"}],"collection":[{"href":"https:\/\/www.eft.ba\/web\/wp-json\/wp\/v2\/pages"}],"about":[{"href":"https:\/\/www.eft.ba\/web\/wp-json\/wp\/v2\/types\/page"}],"author":[{"embeddable":true,"href":"https:\/\/www.eft.ba\/web\/wp-json\/wp\/v2\/users\/1"}],"replies":[{"embeddable":true,"href":"https:\/\/www.eft.ba\/web\/wp-json\/wp\/v2\/comments?post=31"}],"version-history":[{"count":29,"href":"https:\/\/www.eft.ba\/web\/wp-json\/wp\/v2\/pages\/31\/revisions"}],"predecessor-version":[{"id":62432,"href":"https:\/\/www.eft.ba\/web\/wp-json\/wp\/v2\/pages\/31\/revisions\/62432"}],"up":[{"embeddable":true,"href":"https:\/\/www.eft.ba\/web\/wp-json\/wp\/v2\/pages\/15"}],"wp:attachment":[{"href":"https:\/\/www.eft.ba\/web\/wp-json\/wp\/v2\/media?parent=31"}],"curies":[{"name":"wp","href":"https:\/\/api.w.org\/{rel}","templated":true}]}}