{"id":217,"date":"2017-06-28T12:35:34","date_gmt":"2017-06-28T12:35:34","guid":{"rendered":"http:\/\/www.eft.ba\/web\/?page_id=217"},"modified":"2017-07-08T09:28:15","modified_gmt":"2017-07-08T09:28:15","slug":"mobilnost","status":"publish","type":"page","link":"https:\/\/www.eft.ba\/web\/medunarodna-saradnja\/mobilnost\/","title":{"rendered":"Mobilnost"},"content":{"rendered":"<p><strong>Djelimi\u010dno u\u010de\u0161\u0107e BiH u Erasmus+<\/strong><\/p>\n<p>Nakon zvani\u010dno iskazanog interesa za djelimi\u010dno u\u010de\u0161\u0107e u Programu, BiHkao zemlja partner mo\u017ee u\u010destvovati u odre\u0111enim aktivnostima Programa kojima centralizovano upravlja Izvr\u0161na agencija za obrazovanje, audiovizuelne djelatnosti i kulturu EACEA (Education, Audiovisual and Culture Executive Agency &#8211; EACEA).&nbsp;<br \/>\nDjelimi\u010dno u\u010de\u0161\u0107e slu\u017ebeno je potvr\u0111eno u junu 2014. godine, kada je potpisan Sporazum izme\u0111u BiH i EU o u\u010de\u0161\u0107u i pla\u0107anju ulazne karte.&nbsp;<br \/>\nU ovoj fazi, BiH je omogu\u0107eno:<br \/>\nu\u010de\u0161\u0107e u projektima (mobilnost u svrhu u\u010denja, projekti saradnje, izgradnja kapaciteta, podr\u0161ka reformi politika, aktivnosti za mlade i Jean Monnet inicijativa), evropskim obrazovnim mre\u017eama(Eurydice, Euroguidance, Europass), EQF (Evropski kvalifikacijski okvir) kao i u\u010de\u0161\u0107e u IT platformama (eTwinning i EPALE).<\/p>\n<p><strong>KLJU\u010cNA AKTIVNOST 1 \u2013 MOBILNOST POJEDINACA U SVRHU U\u010cENJA<\/strong><br \/>\n<strong>SEKTOR VISOKOG OBRAZOVANJA<\/strong><\/p>\n<p>Zajedni\u010dki master programi &#8211; studijski programi od 60, 90 ili 120 ECTS koje izvodi me\u0111unarodni konzorcij univerziteta uz eventualno u\u010de\u0161\u0107e drugih akademskih ili neakademskih partnera koji posjeduju odgovaraju\u0107i nivo stru\u010dnosti na polju koje pokriva zajedni\u010dki program.<br \/>\nNa\u010din u\u010de\u0161\u0107a: Institucije iz BiH mogu biti partner u projektnom konzorciju<\/p>\n<p>Me\u0111unarodna kreditna mobilnost &#8211; projekti bilateralne razmjene studenata i nastavnog osoblja.&nbsp;<br \/>\nNa\u010din u\u010de\u0161\u0107a: Institucije iz BiH mogu biti partner u projektnom konzorciju.<\/p>\n<p><strong>Akcije dostupne BiH u Erasmus+ programu:<\/strong><br \/>\n<strong>Klju\u010dna aktivnost 1:<\/strong><br \/>\n\u2013 me\u0111unarodna kreditna mobilnost<br \/>\n\u2013 zajedni\u010dki magistarski programi<br \/>\n\u2013 mobilnost za mlade<br \/>\n\u2013 velike mre\u017ee evropskih volonterskih servisa<br \/>\n<strong>Klju\u010dna aktivnost 2:<\/strong><br \/>\n\u2013 izgradnja kapaciteta u visokom obrazovanju<br \/>\n\u2013 savezi znanja<br \/>\n\u2013 savezi sektorskih vje\u0161tina<br \/>\n\u2013 strate\u0161ka partnerstva<br \/>\n<strong>Klju\u010dna aktivnost 3:<\/strong><br \/>\n\u2013 podr\u0161ka reformi politika<br \/>\nAktivnosti Jean Monnet<br \/>\nSport<br \/>\n\u2013 partnerstva saradnje<\/p>\n","protected":false},"excerpt":{"rendered":"<p>Djelimi\u010dno u\u010de\u0161\u0107e BiH u Erasmus+ Nakon zvani\u010dno iskazanog interesa za djelimi\u010dno u\u010de\u0161\u0107e u Programu, BiHkao zemlja partner mo\u017ee u\u010destvovati u odre\u0111enim aktivnostima Programa kojima centralizovano upravlja Izvr\u0161na agencija za obrazovanje, audiovizuelne djelatnosti i kulturu EACEA (Education, Audiovisual and Culture Executive Agency &#8211; EACEA).&nbsp; Djelimi\u010dno u\u010de\u0161\u0107e slu\u017ebeno je potvr\u0111eno u junu 2014. godine, kada je potpisan [&hellip;]<\/p>\n","protected":false},"author":1,"featured_media":0,"parent":215,"menu_order":0,"comment_status":"closed","ping_status":"closed","template":"","meta":{"ngg_post_thumbnail":0},"_links":{"self":[{"href":"https:\/\/www.eft.ba\/web\/wp-json\/wp\/v2\/pages\/217"}],"collection":[{"href":"https:\/\/www.eft.ba\/web\/wp-json\/wp\/v2\/pages"}],"about":[{"href":"https:\/\/www.eft.ba\/web\/wp-json\/wp\/v2\/types\/page"}],"author":[{"embeddable":true,"href":"https:\/\/www.eft.ba\/web\/wp-json\/wp\/v2\/users\/1"}],"replies":[{"embeddable":true,"href":"https:\/\/www.eft.ba\/web\/wp-json\/wp\/v2\/comments?post=217"}],"version-history":[{"count":2,"href":"https:\/\/www.eft.ba\/web\/wp-json\/wp\/v2\/pages\/217\/revisions"}],"predecessor-version":[{"id":53455,"href":"https:\/\/www.eft.ba\/web\/wp-json\/wp\/v2\/pages\/217\/revisions\/53455"}],"up":[{"embeddable":true,"href":"https:\/\/www.eft.ba\/web\/wp-json\/wp\/v2\/pages\/215"}],"wp:attachment":[{"href":"https:\/\/www.eft.ba\/web\/wp-json\/wp\/v2\/media?parent=217"}],"curies":[{"name":"wp","href":"https:\/\/api.w.org\/{rel}","templated":true}]}}