{"id":21,"date":"2017-06-28T11:21:53","date_gmt":"2017-06-28T11:21:53","guid":{"rendered":"http:\/\/www.eft.ba\/web\/?page_id=21"},"modified":"2021-07-02T12:51:40","modified_gmt":"2021-07-02T12:51:40","slug":"akademsko-osoblje","status":"publish","type":"page","link":"https:\/\/www.eft.ba\/web\/fakultet\/akademsko-osoblje\/","title":{"rendered":"Akademsko osoblje"},"content":{"rendered":"<table width=\"590\">\n<tbody>\n<tr>\n<td colspan=\"2\"><strong><em>Akademsko osoblje Edukacijskog fakulteta Univerziteta u Travniku&nbsp;<\/em><\/strong><\/td>\n<\/tr>\n<tr>\n<td>Prof. dr. Hazim Selimovi\u0107&nbsp; &nbsp;&nbsp;<\/td>\n<td>Dekan<\/td>\n<\/tr>\n<tr>\n<td>Prof. dr. Branimir Miki\u0107<\/td>\n<td>Univerzitetski profesor<\/td>\n<\/tr>\n<tr>\n<td>Prof. dr. Damir Ahmi\u0107<\/td>\n<td>Univerzitetski profesor<\/td>\n<\/tr>\n<tr>\n<td>Prof. dr. Osmo Bajri\u0107<\/td>\n<td>Univerzitetski profesor<\/td>\n<\/tr>\n<tr>\n<td>Prof. dr. Dalibor Misira\u010da<\/td>\n<td>Univerzitetski profesor<\/td>\n<\/tr>\n<tr>\n<td>Doc.dr. Zehrina Selimovi\u0107<\/td>\n<td>Univerzitetski profesor<\/td>\n<\/tr>\n<tr>\n<td>Prof. dr. Muharem Kozi\u0107<\/td>\n<td>Univerzitetski profesor<\/td>\n<\/tr>\n<tr>\n<td>Prof. dr. Husein Zvrko<\/td>\n<td>Univerzitetski profesor<\/td>\n<\/tr>\n<tr>\n<td>Doc. mr. Alisa \u010caber<\/td>\n<td>Univerzitetski profesor<\/td>\n<\/tr>\n<tr>\n<td>prof. dr. Amra Tuzovi\u0107<\/td>\n<td>Univerzitetski profesor<\/td>\n<\/tr>\n<tr>\n<td>Mr. Jasmin Hrnji\u0107<\/td>\n<td>Vi\u0161i asistent<\/td>\n<\/tr>\n<tr>\n<td>Doc.dr.&nbsp; Emina Terzi\u0107<\/td>\n<td>Univerzitetski profesor<\/td>\n<\/tr>\n<tr>\n<td>Doc.dr. Maid Omerovi\u0107<\/td>\n<td>Univerzitetski profesor<\/td>\n<\/tr>\n<tr>\n<td>Mr. sci. Maja Selimovi\u0107<\/td>\n<td>Vi\u0161i asistent<\/td>\n<\/tr>\n<tr>\n<td>Doc.dr. Maid Omerovi\u0107<\/td>\n<td>Univerzitetski profesor<\/td>\n<\/tr>\n<tr>\n<td>Doc.dr. Amela Bajri\u0107<\/td>\n<td>Univerzitetski profesor<\/td>\n<\/tr>\n<tr>\n<td>Mr. Mirela Abidovi\u0107<\/td>\n<td>Vi\u0161i asistent<\/td>\n<\/tr>\n<tr>\n<td>Mr. Irmela Mujki\u0107<\/td>\n<td>Vi\u0161i asistent<\/td>\n<\/tr>\n<tr>\n<td>Azra Mustafica-Keli\u0107, prof.<\/td>\n<td>Asistent<\/td>\n<\/tr>\n<tr>\n<td>Mr. Aljo Deli\u0107<\/td>\n<td>Vi\u0161i asistent<\/td>\n<\/tr>\n<tr>\n<td>&nbsp;<\/td>\n<td>&nbsp;<\/td>\n<\/tr>\n<tr>\n<td>&nbsp;<\/td>\n<td>&nbsp;<\/td>\n<\/tr>\n<\/tbody>\n<\/table>\n<p>&nbsp;<\/p>\n","protected":false},"excerpt":{"rendered":"<p>Akademsko osoblje Edukacijskog fakulteta Univerziteta u Travniku&nbsp; Prof. dr. Hazim Selimovi\u0107&nbsp; &nbsp;&nbsp; Dekan Prof. dr. Branimir Miki\u0107 Univerzitetski profesor Prof. dr. Damir Ahmi\u0107 Univerzitetski profesor Prof. dr. Osmo Bajri\u0107 Univerzitetski profesor Prof. dr. Dalibor Misira\u010da Univerzitetski profesor Doc.dr. Zehrina Selimovi\u0107 Univerzitetski profesor Prof. dr. Muharem Kozi\u0107 Univerzitetski profesor Prof. dr. Husein Zvrko Univerzitetski profesor Doc. [&hellip;]<\/p>\n","protected":false},"author":1,"featured_media":0,"parent":15,"menu_order":0,"comment_status":"closed","ping_status":"closed","template":"","meta":{"ngg_post_thumbnail":0},"_links":{"self":[{"href":"https:\/\/www.eft.ba\/web\/wp-json\/wp\/v2\/pages\/21"}],"collection":[{"href":"https:\/\/www.eft.ba\/web\/wp-json\/wp\/v2\/pages"}],"about":[{"href":"https:\/\/www.eft.ba\/web\/wp-json\/wp\/v2\/types\/page"}],"author":[{"embeddable":true,"href":"https:\/\/www.eft.ba\/web\/wp-json\/wp\/v2\/users\/1"}],"replies":[{"embeddable":true,"href":"https:\/\/www.eft.ba\/web\/wp-json\/wp\/v2\/comments?post=21"}],"version-history":[{"count":11,"href":"https:\/\/www.eft.ba\/web\/wp-json\/wp\/v2\/pages\/21\/revisions"}],"predecessor-version":[{"id":67668,"href":"https:\/\/www.eft.ba\/web\/wp-json\/wp\/v2\/pages\/21\/revisions\/67668"}],"up":[{"embeddable":true,"href":"https:\/\/www.eft.ba\/web\/wp-json\/wp\/v2\/pages\/15"}],"wp:attachment":[{"href":"https:\/\/www.eft.ba\/web\/wp-json\/wp\/v2\/media?parent=21"}],"curies":[{"name":"wp","href":"https:\/\/api.w.org\/{rel}","templated":true}]}}