{"id":159,"date":"2017-06-28T12:12:26","date_gmt":"2017-06-28T12:12:26","guid":{"rendered":"http:\/\/www.eft.ba\/web\/?page_id=159"},"modified":"2017-07-27T07:07:12","modified_gmt":"2017-07-27T07:07:12","slug":"specijalne-namjene","status":"publish","type":"page","link":"https:\/\/www.eft.ba\/web\/smjerovi\/specijalne-namjene\/","title":{"rendered":"Specijalne namjene"},"content":{"rendered":"<p><strong>OPIS STUDIJSKOG SMJERA<\/strong><\/p>\n<p>Studijski program&nbsp;<strong>prvog ciklusa \u2013 dodiplomskog studija<\/strong>&nbsp;Specijalne namjene na Edukacijskom fakultetu kreiran je prema zahtjevima Bolonjske deklaracije i savremenim tokovima u sportu te specijalisti\u010dkim dostignu\u0107ima u organizaciji i pripremi jedinica specijalnih namjena (vojske, policije i za\u0161titara) pa\u017eljivim izborom predmeta s podru\u010dja sportskog i sigurnosnog osposobljavanja budu\u0107ih bachelora specijalnih namjena.<\/p>\n<p>Sistem obaveznih i izbornih predmeta\/kolegija iz podru\u010dja sporta, sigurnosti, pedagogije, psihologije i drugih interdisciplinarnih podru\u010dja specijalnih namjena studentima pru\u017ea raznolike mogu\u0107nosti za usvajanje dodatnih stru\u010dnih kompetencija te ih profilira za uspje\u0161no obavljanje poslova u jedinicama specijalnih namjena \u2013 vojsci, policiji i za\u0161titarskim agencijama.<\/p>\n<p><strong>KOMPETENCIJE I MOGU\u0106NOSTI ZAPO\u0160LJAVANJA<\/strong><\/p>\n<p>Stru\u010dnjaci iz oblasti Specijalnih namjena \u0161kolovani na Edukacijskom fakultetu postaju kvalificirani za prakti\u010dno utemeljenje procesa vje\u017ebanja u svim podru\u010djima primijenjene kineziologije i za vrednovanje kineziolo\u0161kih u\u010dinaka tako programirane tjelovje\u017ebe koji se od nje o\u010dekuju u sistemima Oru\u017eanih snaga, policijskih struktura i za\u0161titarskih agencija, te za upravljanje ljudskim resursima u navedenim podru\u010djima djelovanja.<\/p>\n<p>Realne su mogu\u0107nosti zapo\u0161ljavanja u vojnoj slu\u017ebi, policijskim strukturama, za\u0161titarskim agencijama, te ustanovama i organizacijama koje su zadu\u017eene za upravljanje u navedenim strukturama.<\/p>\n<p><strong>USLOVI UPISA<\/strong><\/p>\n<p>Upis kandidata se vr\u0161i na osnovu saglasnosti Ministarstva obrazovanja Srednjobosanskog kantona i Univerziteta u Travniku, te odobrenih kvota za upis studenata za sve \u010dlanice, a na osnovu dostavljenih uslova upisa. Univerzitet svake akademske godine reguli\u0161e na\u010din organizacije prijema studenata na Fakultet. S obzirom na razli\u010ditosti nastavnih planova i programa na fakultetima utvr\u0111uje se dinamika i procedura upisa. Raspisivanje konkursa \u0107e realizira se po zavr\u0161etku \u0161kolske godine u &nbsp;srednjim \u0161kolama.<\/p>\n<p><strong><em>Op\u0107i uslovi na upis studenata na I ciklus studija su:<\/em><\/strong><\/p>\n<ul>\n<li>Zavr\u0161ena \u010detverogodi\u0161nja srednja \u0161kola<\/li>\n<\/ul>\n<p><strong><em>Dokumenti potrebni za upis na studij su:<\/em><\/strong><\/p>\n<ul>\n<li>Diploma i svjedo\u010danstva o zavr\u0161enoj \u010detverogodi\u0161njoj srednjoj \u0161koli (odnosno diplomu o zavr\u0161enom prethodnom studiju za upis na II i III ciklus studija)<\/li>\n<li>Izvod iz mati\u010dne knjige ro\u0111enih<\/li>\n<li>Uvjerenje o dr\u017eavljanstvu<\/li>\n<li>Dvije fotografije dimenzija 4&#215;6 cm<\/li>\n<li>Nostrifikacija diplome za studente koji su predhodno obrazovanje stekli u inostranstvu<\/li>\n<li>Uvjerenje o polo\u017eenim ispitima i nastavni plan i program studija \u2013 za studente koji vr\u0161e prepis sa drugih visoko\u0161kolskih ustanova na Edukacijski fakultet Univerziteta u Travniku<\/li>\n<\/ul>\n<p>Ovaj studijski smjer mogu upisati i studenti prelaznici sa drugih visoko\u0161kolskih ustanova, uz obavezu polaganja diferencijalnih ispita u skladu sa pravilnikom o studiranju UNT.<\/p>\n<p><strong>TRAJANJE STUDIJA<\/strong><\/p>\n<p>Dodiplomski studij Specijalnih namjena traje 6 semestara ili 3 studijske godine.<\/p>\n<p><strong>ZVANJE PO ZAVR\u0160ETKU STUDIJA<\/strong><\/p>\n<p>Po zavr\u0161etku prvog ciklusa \u2013 dodiplomskog studija&nbsp;Specijalne namjene&nbsp;student stje\u010de zvanje&nbsp;<strong>bachelor&nbsp;specijalnih namjena&nbsp;<\/strong>\u2013 180 ECTS.<\/p>\n<p><strong>MASTER STUDIJSKI PROGRAM<\/strong><\/p>\n<p>Studijski program&nbsp;<strong>drugog ciklusa \u2013 postdiplomskog studija<\/strong>&nbsp;Specijalne namjene na Edukacijskom fakultetu kreiran je tako\u0111er u skladu sa zahtjevima Bolonjske deklaracije i savremenim tokovima nau\u010dnog osposobljavanja studenata za obavljanje najslo\u017eenijih poslova i zadataka u jedinicama specijalnih namjena (vojska, policija i za\u0161titari). Sistem obaveznih i izbornih modula koncipiranih za potrebe znanstvenog osposobljavanja budu\u0107ih magistara specijalnih namjena uspostavlja osoben koncept studija, koji studentima pru\u017ea raznolike mogu\u0107nosti za usvajanje stru\u010dnih i znanstvenih kompetencija u razini drugog ciklusa \u2013 postdiplomskog studija te ih, pored osnovne zada\u0107e, profilira i za obavljanje razli\u010ditih drugih djelatnosti koje podrazumijevaju aktivnosti magistra specijalnih namjena.<\/p>\n<p><strong>TRAJANJE STUDIJA<\/strong><\/p>\n<p>Postdiplomski studij Specijalnih namjena traje 4 semestra ili 2 studijske godine.<\/p>\n<p><strong>ZVANJE PO ZAVR\u0160ETKU STUDIJA<\/strong><\/p>\n<p>Po zavr\u0161etku drugog ciklusa \u2013 postdiplomskog studija&nbsp;Specijalne namjene&nbsp;student stijee zvanje&nbsp;<strong>master \/ magistar specijalnih namjena&nbsp;<\/strong>\u2013 120 ECTS.<\/p>\n<p><strong>&nbsp;<\/strong><\/p>\n<p>&nbsp;<\/p>\n<p>&nbsp;<\/p>\n<p>&nbsp;<\/p>\n","protected":false},"excerpt":{"rendered":"<p>OPIS STUDIJSKOG SMJERA Studijski program&nbsp;prvog ciklusa \u2013 dodiplomskog studija&nbsp;Specijalne namjene na Edukacijskom fakultetu kreiran je prema zahtjevima Bolonjske deklaracije i savremenim tokovima u sportu te specijalisti\u010dkim dostignu\u0107ima u organizaciji i pripremi jedinica specijalnih namjena (vojske, policije i za\u0161titara) pa\u017eljivim izborom predmeta s podru\u010dja sportskog i sigurnosnog osposobljavanja budu\u0107ih bachelora specijalnih namjena. Sistem obaveznih i izbornih [&hellip;]<\/p>\n","protected":false},"author":1,"featured_media":0,"parent":137,"menu_order":0,"comment_status":"closed","ping_status":"closed","template":"","meta":{"ngg_post_thumbnail":0},"_links":{"self":[{"href":"https:\/\/www.eft.ba\/web\/wp-json\/wp\/v2\/pages\/159"}],"collection":[{"href":"https:\/\/www.eft.ba\/web\/wp-json\/wp\/v2\/pages"}],"about":[{"href":"https:\/\/www.eft.ba\/web\/wp-json\/wp\/v2\/types\/page"}],"author":[{"embeddable":true,"href":"https:\/\/www.eft.ba\/web\/wp-json\/wp\/v2\/users\/1"}],"replies":[{"embeddable":true,"href":"https:\/\/www.eft.ba\/web\/wp-json\/wp\/v2\/comments?post=159"}],"version-history":[{"count":5,"href":"https:\/\/www.eft.ba\/web\/wp-json\/wp\/v2\/pages\/159\/revisions"}],"predecessor-version":[{"id":56277,"href":"https:\/\/www.eft.ba\/web\/wp-json\/wp\/v2\/pages\/159\/revisions\/56277"}],"up":[{"embeddable":true,"href":"https:\/\/www.eft.ba\/web\/wp-json\/wp\/v2\/pages\/137"}],"wp:attachment":[{"href":"https:\/\/www.eft.ba\/web\/wp-json\/wp\/v2\/media?parent=159"}],"curies":[{"name":"wp","href":"https:\/\/api.w.org\/{rel}","templated":true}]}}