{"id":157,"date":"2017-06-28T12:11:48","date_gmt":"2017-06-28T12:11:48","guid":{"rendered":"http:\/\/www.eft.ba\/web\/?page_id=157"},"modified":"2017-07-27T07:02:46","modified_gmt":"2017-07-27T07:02:46","slug":"sportski-menadzment","status":"publish","type":"page","link":"https:\/\/www.eft.ba\/web\/smjerovi\/sportski-menadzment\/","title":{"rendered":"Sportski menad\u017ement"},"content":{"rendered":"<p>OPIS STUDIJSKOG SMJERA<\/p>\n<p>Studijski program prvog ciklusa \u2013 dodiplomskog studija Sportski menad\u017ement na Edukacijskom fakultetu kreiran je prema zahtjevima Bolonjske deklaracije i savremenim tokovima u sportskom menad\u017ementu pa\u017eljivim izborom predmeta s podru\u010dja menad\u017ementa u sportu u cilju osposobljavanja budu\u0107ih bachelora sportskog menad\u017ementa.<br \/>\nSistem obaveznih i izbornih predmeta\/kolegija iz podru\u010dja sporta, menad\u017ementa u sportu i drugih interdisciplinarnih podru\u010dja sporta i menad\u017ementa studentima pru\u017ea raznolike mogu\u0107nosti za usvajanje dodatnih stru\u010dnih kompetencija te ih profilira za uspje\u0161no obavljanje poslova menad\u017eera u sportu, poslova u upravlja\u010dkim strukturama sportskih organizacija te drugim institucijama i organizacijama kojima je sport primarna ili sekundarna djelatnost.<\/p>\n<p>KOMPETENCIJE I MOGU\u0106NOSTI ZAPO\u0160LJAVANJA<\/p>\n<p>Sportski menad\u017eeri \u0161kolovani na Edukacijskom fakultetu postaju kvalificirani za nau\u010dno\/znanstveno i prakti\u010dno utemeljenje upravljanja u svim podru\u010djima sporta, kreiranju sportskih programa, upravljanju sportskim manifestacijama, objektima, klubovima, institucija, te upravljanju ljudskim resursima.<br \/>\nRealne su mogu\u0107nosti zapo\u0161ljavanja u sportskim klubovima, dr\u017eavnim institucijama koje upravljaju sportom, sportskim savezima, organizacijama, sportsko-rekreacionim centrima, multifunkcionalnim sportskim objektima, turisti\u010dkim centrima, te u turisti\u010dkim objektima kao koordinatori sportskih aktivnosti..<\/p>\n<p>USLOVI UPISA<br \/>\nUpis kandidata se vr\u0161i na osnovu saglasnosti Ministarstva obrazovanja Srednjobosanskog kantona i Univerziteta u Travniku, te odobrenih kvota za upis studenata za sve \u010dlanice, a na osnovu dostavljenih uslova upisa. Univerzitet svake akademske godine reguli\u0161e na\u010din organizacije prijema studenata na Fakultet. S obzirom na razli\u010ditosti nastavnih planova i programa na fakultetima utvr\u0111uje se dinamika i procedura upisa. Raspisivanje konkursa \u0107e realizira se po zavr\u0161etku \u0161kolske godine u srednjim \u0161kolama.<br \/>\nOp\u0107i uslovi na upis studenata na I ciklus studija su:<br \/>\n\u2022 Zavr\u0161ena \u010detverogodi\u0161nja srednja \u0161kola<br \/>\nDokumenti potrebni za upis na studij su:<br \/>\n\u2022 Diploma i svjedo\u010danstva o zavr\u0161enoj \u010detverogodi\u0161njoj srednjoj \u0161koli (odnosno diplomu o zavr\u0161enom prethodnom studiju za upis na II i III ciklus studija)<br \/>\n\u2022 Izvod iz mati\u010dne knjige ro\u0111enih<br \/>\n\u2022 Uvjerenje o dr\u017eavljanstvu<br \/>\n\u2022 Dvije fotografije dimenzija 4&#215;6 cm<br \/>\n\u2022 Nostrifikacija diplome za studente koji su predhodno obrazovanje stekli u inostranstvu<br \/>\n\u2022 Uvjerenje o polo\u017eenim ispitima i nastavni plan i program studija \u2013 za studente koji vr\u0161e prepis sa drugih visoko\u0161kolskih ustanova na Edukacijski fakultet Univerziteta u Travniku<br \/>\nOvaj studijski smjer mogu upisati i studenti prelaznici sa drugih visoko\u0161kolskih ustanova, uz obavezu polaganja diferencijalnih ispita u skladu sa pravilnikom o studiranju UNT.<\/p>\n<p>TRAJANJE STUDIJA<\/p>\n<p>Dodiplomski studij Sportski menad\u017ement traje 6 semestara ili 3 studijske godine.<\/p>\n<p>ZVANJE PO ZAVR\u0160ETKU STUDIJA<\/p>\n<p>Po zavr\u0161etku prvog ciklusa \u2013 dodiplomskog studija Sportski menad\u017ement student stje\u010de zvanje bachelor sportskog menad\u017ementa \u2013 180 ECTS.<\/p>\n<p>MASTER STUDIJSKI PROGRAM<\/p>\n<p>Studijski program drugog ciklusa \u2013 postdiplomskog studija Sportski menad\u017ement na Edukacijskom fakultetu kreiran je tako\u0111er u skladu sa zahtjevima Bolonjske deklaracije i savremenim tokovima nau\u010dnog osposobljavanja studenata za obavljanje menad\u017eerskih funkcija u sportskim strukturama i organizacijama.<br \/>\nSistem obaveznih i izbornih modula koncipiranih za potrebe znanstvenog osposobljavanja budu\u0107ih magistara sportskog menad\u017ementa uspostavlja osoben koncept studija, koji studentima pru\u017ea raznolike mogu\u0107nosti za usvajanje stru\u010dnih i znanstvenih kompetencija u razini drugog ciklusa \u2013 postdiplomskog studija te ih, pored osnovne zada\u0107e, profilira i za obavljanje razli\u010ditih drugih djelatnosti koje podrazumijevaju aktivnosti magistra sportskog menad\u017ementa.<\/p>\n<p>TRAJANJE STUDIJA<\/p>\n<p>Postdiplomski studij Sportskog menad\u017ementa traje 4 semestra ili 2 studijske godine.<\/p>\n<p>ZVANJE PO ZAVR\u0160ETKU STUDIJA<\/p>\n<p>Po zavr\u0161etku drugog ciklusa \u2013 postdiplomskog studija Sportski menad\u017ement student stje\u010de zvanje master \/ magistar sportskog menad\u017ementa \u2013 120 ECTS.<\/p>\n<p>&nbsp;<\/p>\n<p>&nbsp;<\/p>\n<p>&nbsp;<\/p>\n","protected":false},"excerpt":{"rendered":"<p>OPIS STUDIJSKOG SMJERA Studijski program prvog ciklusa \u2013 dodiplomskog studija Sportski menad\u017ement na Edukacijskom fakultetu kreiran je prema zahtjevima Bolonjske deklaracije i savremenim tokovima u sportskom menad\u017ementu pa\u017eljivim izborom predmeta s podru\u010dja menad\u017ementa u sportu u cilju osposobljavanja budu\u0107ih bachelora sportskog menad\u017ementa. Sistem obaveznih i izbornih predmeta\/kolegija iz podru\u010dja sporta, menad\u017ementa u sportu i drugih [&hellip;]<\/p>\n","protected":false},"author":1,"featured_media":0,"parent":137,"menu_order":0,"comment_status":"closed","ping_status":"closed","template":"","meta":{"ngg_post_thumbnail":0},"_links":{"self":[{"href":"https:\/\/www.eft.ba\/web\/wp-json\/wp\/v2\/pages\/157"}],"collection":[{"href":"https:\/\/www.eft.ba\/web\/wp-json\/wp\/v2\/pages"}],"about":[{"href":"https:\/\/www.eft.ba\/web\/wp-json\/wp\/v2\/types\/page"}],"author":[{"embeddable":true,"href":"https:\/\/www.eft.ba\/web\/wp-json\/wp\/v2\/users\/1"}],"replies":[{"embeddable":true,"href":"https:\/\/www.eft.ba\/web\/wp-json\/wp\/v2\/comments?post=157"}],"version-history":[{"count":6,"href":"https:\/\/www.eft.ba\/web\/wp-json\/wp\/v2\/pages\/157\/revisions"}],"predecessor-version":[{"id":56275,"href":"https:\/\/www.eft.ba\/web\/wp-json\/wp\/v2\/pages\/157\/revisions\/56275"}],"up":[{"embeddable":true,"href":"https:\/\/www.eft.ba\/web\/wp-json\/wp\/v2\/pages\/137"}],"wp:attachment":[{"href":"https:\/\/www.eft.ba\/web\/wp-json\/wp\/v2\/media?parent=157"}],"curies":[{"name":"wp","href":"https:\/\/api.w.org\/{rel}","templated":true}]}}