{"id":140,"date":"2017-06-28T12:07:55","date_gmt":"2017-06-28T12:07:55","guid":{"rendered":"http:\/\/www.eft.ba\/web\/?page_id=140"},"modified":"2021-06-14T12:29:11","modified_gmt":"2021-06-14T12:29:11","slug":"komunikologija-novinarstvo","status":"publish","type":"page","link":"https:\/\/www.eft.ba\/web\/smjerovi\/komunikologija-novinarstvo\/","title":{"rendered":"Novinarstvo"},"content":{"rendered":"<p><strong>OPIS STUDIJSKOG SMJERA<\/strong><\/p>\n<p>Studijski program&nbsp;<strong>prvog ciklusa \u2013 dodiplomskog studija<\/strong><strong> &#8211; Komunikologija\/novinarstvo <\/strong>na Edukacijskom fakultetu kreiran je prema zahtjevima Bolonjske deklaracije i savremenim tokovima u novinarstvu pa\u017eljivim izborom predmeta s podru\u010dja \u017eurnalisti\u010dkog i komunikolo\u0161kog osposobljavanja budu\u0107ih bachelora komunikologije\/novinarstva.<\/p>\n<p>Sistem obaveznih i izbornih predmeta\/kolegija iz podru\u010dja \u017eurnalistike i komunikologije studentima pru\u017ea raznolike mogu\u0107nosti za usvajanje dodatnih stru\u010dnih kompetencija te ih profilira za uspje\u0161no provo\u0111enje slo\u017eenih zadaka u savremenom novinarstvu i medijskom komuniciranju.<\/p>\n<p><strong>KOMPETENCIJE I MOGU\u0106NOSTI ZAPO\u0160LJAVANJA<\/strong><\/p>\n<p>Diplomirani novinari \u0161kolovani na Edukacijskom fakultetu postaju kvalificirani za rad i istra\u017eivanja u svim pojavnim oblicima \u017eurnalistike. Zbog znanstveno i stru\u010dno utemeljenog nastavnog plana i programa, studenti novinarstva pored primarnog zaposlenja na televizijskom i radijskim stanicama, printanim medijima, internet portalima, svoje zaposlenje mogu prona\u0107i i u dr\u017eavnim institucijama, institucijama koje reguli\u0161u rad medija, u sportskim klubovima i dru\u0161tvima, kao i u drugim firmama i ustanovama u kojima su potrebne kompetencije iz oblasti novinarstva.<\/p>\n<p><strong>USLOVI UPISA<\/strong><\/p>\n<p>Upis kandidata se vr\u0161i na osnovu saglasnosti Ministarstva obrazovanja Srednjobosanskog kantona i Univerziteta u Travniku, te odobrenih kvota za upis studenata za sve \u010dlanice, a na osnovu dostavljenih uslova upisa. Univerzitet svake akademske godine reguli\u0161e na\u010din organizacije prijema studenata na Fakultet. S obzirom na razli\u010ditosti nastavnih planova i programa na fakultetima utvr\u0111uje se dinamika i procedura upisa. Raspisivanje konkursa \u0107e realizira se po zavr\u0161etku \u0161kolske godine u &nbsp;srednjim \u0161kolama<\/p>\n<p><strong><em>Op\u0107i uslovi za upis studenata na I ciklus studija su:<\/em><\/strong><\/p>\n<ul>\n<li>Zavr\u0161ena \u010detverogodi\u0161nja srednja \u0161kola<\/li>\n<\/ul>\n<p><strong><em>Dokumenti potrebni za upis na studij su:<\/em><\/strong><\/p>\n<ul>\n<li>Diploma i svjedo\u010danstva o zavr\u0161enoj \u010detverogodi\u0161njoj srednjoj \u0161koli (odnosno diplomu o zavr\u0161enom prethodnom studiju za upis na II i III ciklus studija)<\/li>\n<li>Izvod iz mati\u010dne knjige ro\u0111enih<\/li>\n<li>Uvjerenje o dr\u017eavljanstvu<\/li>\n<li>Dvije fotografije dimenzija 4\u00d76 cm<\/li>\n<li>Nostrifikacija diplome za studente koji su predhodno obrazovanje stekli u inostranstvu<\/li>\n<li>Uvjerenje o polo\u017eenim ispitima i nastavni plan i program studija \u2013 za studente koji vr\u0161e prepis sa drugih visoko\u0161kolskih ustanova na Edukacijski fakultet Univerziteta u Travniku<\/li>\n<\/ul>\n<p>Ovaj studijski smjer mogu upisati i studenti prelaznici sa drugih visoko\u0161kolskih ustanova, uz obavezu polaganja diferencijalnih ispita u skladu sa pravilnikom o studiranju UNT.<\/p>\n<p><strong>TRAJANJE STUDIJA<\/strong><\/p>\n<p>Dodiplomski studij Novinarstva traje 6 semestara (3 studijske godine) ili 8 semestara (4 studijske godine).<\/p>\n<p><strong>ZVANJE PO ZAVR\u0160ETKU STUDIJA<\/strong><\/p>\n<p>Po zavr\u0161etku prvog ciklusa \u2013 dodiplomskog studija&nbsp;Novinarstvo&nbsp;student sti\u010de zvanje&nbsp;<strong>bachelor \/ Komunikologije\/novinarstva<\/strong>&nbsp;\u2013 180 ili 240 ECTS.<\/p>\n<p><strong>MASTER STUDIJSKI PROGRAM<\/strong><\/p>\n<p>Studijski program&nbsp;<strong>drugog ciklusa \u2013 postdiplomskog studija <\/strong>Komunikologija\/novinarstvo na Edukacijskom fakultetu kreiran je tako\u0111er u skladu sa zahtjevima Bolonjske deklaracije i savremenim tokovima nau\u010dnog osposobljavanja studenata za obavljanje najslo\u017eenijih poslova i zadataka novinarstvu i medijskom komuniciranju.<\/p>\n<p>Sistem obaveznih i izbornih modula koncipiranih za potrebe znanstvenog osposobljavanja budu\u0107ih magistara novinarstva uspostavlja osoben koncept studija, koji studentima pru\u017ea raznolike mogu\u0107nosti za usvajanje stru\u010dnih i znanstvenih kompetencija u razini drugog ciklusa \u2013 postdiplomskog studija te ih, pored osnovne zada\u0107e, profilira i za obavljanje razli\u010ditih drugih djelatnosti koje podrazumijevaju aktivnosti magistra novinarstva.<\/p>\n<p>Po zavr\u0161etku drugog ciklusa \u2013dvogodi\u0161njeg postdiplomskog studija Novinarstvo student sti\u010de zvanje&nbsp;<strong>master \/ magistar komunikologije\/novinarstva<\/strong>&nbsp;\u2013 120 ECTS.<\/p>\n<p>Po zavr\u0161etku drugog ciklusa \u2013jednogodi\u0161njeg postdiplomskog studija Novinarstvo student sti\u010de zvanje&nbsp;<strong>master \/ magistar komunikologije\/novinarstva<\/strong>&nbsp;\u2013 60 ECTS.<\/p>\n<p><strong>TRAJANJE STUDIJA<\/strong><\/p>\n<p>Postdiplomski studij Komunikologije\/novinarstva traje dva ili \u010detiri semestra u ovisnosti o prethodno zavr\u0161enom I ciklusu studija.<\/p>\n<p><strong>&nbsp;<\/strong><\/p>\n<p>&nbsp;<\/p>\n<p>&nbsp;<\/p>\n","protected":false},"excerpt":{"rendered":"<p>OPIS STUDIJSKOG SMJERA Studijski program&nbsp;prvog ciklusa \u2013 dodiplomskog studija &#8211; Komunikologija\/novinarstvo na Edukacijskom fakultetu kreiran je prema zahtjevima Bolonjske deklaracije i savremenim tokovima u novinarstvu pa\u017eljivim izborom predmeta s podru\u010dja \u017eurnalisti\u010dkog i komunikolo\u0161kog osposobljavanja budu\u0107ih bachelora komunikologije\/novinarstva. Sistem obaveznih i izbornih predmeta\/kolegija iz podru\u010dja \u017eurnalistike i komunikologije studentima pru\u017ea raznolike mogu\u0107nosti za usvajanje dodatnih stru\u010dnih [&hellip;]<\/p>\n","protected":false},"author":1,"featured_media":0,"parent":137,"menu_order":0,"comment_status":"closed","ping_status":"closed","template":"","meta":{"ngg_post_thumbnail":0},"_links":{"self":[{"href":"https:\/\/www.eft.ba\/web\/wp-json\/wp\/v2\/pages\/140"}],"collection":[{"href":"https:\/\/www.eft.ba\/web\/wp-json\/wp\/v2\/pages"}],"about":[{"href":"https:\/\/www.eft.ba\/web\/wp-json\/wp\/v2\/types\/page"}],"author":[{"embeddable":true,"href":"https:\/\/www.eft.ba\/web\/wp-json\/wp\/v2\/users\/1"}],"replies":[{"embeddable":true,"href":"https:\/\/www.eft.ba\/web\/wp-json\/wp\/v2\/comments?post=140"}],"version-history":[{"count":11,"href":"https:\/\/www.eft.ba\/web\/wp-json\/wp\/v2\/pages\/140\/revisions"}],"predecessor-version":[{"id":67582,"href":"https:\/\/www.eft.ba\/web\/wp-json\/wp\/v2\/pages\/140\/revisions\/67582"}],"up":[{"embeddable":true,"href":"https:\/\/www.eft.ba\/web\/wp-json\/wp\/v2\/pages\/137"}],"wp:attachment":[{"href":"https:\/\/www.eft.ba\/web\/wp-json\/wp\/v2\/media?parent=140"}],"curies":[{"name":"wp","href":"https:\/\/api.w.org\/{rel}","templated":true}]}}